Last updated on 2025-02-22 04:51:06 CET.
Flavor | Version | Tinstall | Tcheck | Ttotal | Status | Flags |
---|---|---|---|---|---|---|
r-devel-linux-x86_64-debian-clang | 2.0 | 122.39 | 46.12 | 168.51 | OK | |
r-devel-linux-x86_64-debian-gcc | 2.0 | 84.93 | 34.57 | 119.50 | OK | |
r-devel-linux-x86_64-fedora-clang | 2.0 | 319.35 | OK | |||
r-devel-linux-x86_64-fedora-gcc | 2.0 | 326.35 | OK | |||
r-devel-macos-arm64 | 2.0 | 70.00 | OK | |||
r-devel-macos-x86_64 | 2.0 | 134.00 | OK | |||
r-devel-windows-x86_64 | 2.0 | 126.00 | 100.00 | 226.00 | OK | |
r-patched-linux-x86_64 | 2.0 | 120.30 | 44.02 | 164.32 | OK | |
r-release-linux-x86_64 | 2.0 | 118.81 | 43.77 | 162.58 | OK | |
r-release-macos-arm64 | 2.0 | 74.00 | NOTE | |||
r-release-macos-x86_64 | 2.0 | 138.00 | NOTE | |||
r-release-windows-x86_64 | 2.0 | 125.00 | 104.00 | 229.00 | OK | |
r-oldrel-macos-arm64 | 1.0.1 | 67.00 | NOTE | |||
r-oldrel-macos-x86_64 | 2.0 | 109.00 | NOTE | |||
r-oldrel-windows-x86_64 | 2.0 | 149.00 | 115.00 | 264.00 | OK |
Version: 2.0
Check: installed package size
Result: NOTE
installed size is 9.1Mb
sub-directories of 1Mb or more:
libs 8.0Mb
Flavors: r-release-macos-arm64, r-release-macos-x86_64, r-oldrel-macos-x86_64
Version: 1.0.1
Check: installed package size
Result: NOTE
installed size is 8.4Mb
sub-directories of 1Mb or more:
libs 7.9Mb
Flavor: r-oldrel-macos-arm64