CRAN Package Check Results for Package bubblyr

Last updated on 2025-02-22 04:51:06 CET.

Flavor Version Tinstall Tcheck Ttotal Status Flags
r-devel-linux-x86_64-debian-clang 0.1.2 2.12 21.63 23.75 OK
r-devel-linux-x86_64-debian-gcc 0.1.2 1.64 17.80 19.44 OK
r-devel-linux-x86_64-fedora-clang 0.1.2 38.35 OK
r-devel-linux-x86_64-fedora-gcc 0.1.2 51.31 OK
r-devel-macos-arm64 0.1.2 24.00 OK
r-devel-macos-x86_64 0.1.2 50.00 OK
r-devel-windows-x86_64 0.1.2 4.00 59.00 63.00 OK
r-patched-linux-x86_64 0.1.2 1.90 21.11 23.01 NOTE
r-release-linux-x86_64 0.1.2 2.10 21.19 23.29 NOTE
r-release-macos-arm64 0.1.2 23.00 NOTE
r-release-macos-x86_64 0.1.2 35.00 NOTE
r-release-windows-x86_64 0.1.2 3.00 48.00 51.00 NOTE
r-oldrel-macos-arm64 0.1.2 22.00 NOTE
r-oldrel-macos-x86_64 0.1.2 35.00 NOTE
r-oldrel-windows-x86_64 0.1.2 4.00 54.00 58.00 NOTE

Check Details

Version: 0.1.2
Check: LazyData
Result: NOTE 'LazyData' is specified without a 'data' directory Flavors: r-patched-linux-x86_64, r-release-linux-x86_64, r-release-macos-arm64, r-release-macos-x86_64, r-release-windows-x86_64, r-oldrel-macos-arm64, r-oldrel-macos-x86_64, r-oldrel-windows-x86_64