Last updated on 2024-08-25 05:49:16 CEST.
Flavor | Version | Tinstall | Tcheck | Ttotal | Status | Flags |
---|---|---|---|---|---|---|
r-devel-linux-x86_64-debian-clang | 0.5.4 | 10.96 | 90.59 | 101.55 | NOTE | |
r-devel-linux-x86_64-debian-gcc | 0.5.4 | 7.60 | 63.16 | 70.76 | NOTE | |
r-devel-linux-x86_64-fedora-clang | 0.5.4 | 166.70 | OK | |||
r-devel-linux-x86_64-fedora-gcc | 0.5.4 | 154.00 | OK | |||
r-devel-windows-x86_64 | 0.5.4 | 14.00 | 108.00 | 122.00 | NOTE | |
r-patched-linux-x86_64 | 0.5.4 | 17.54 | 85.54 | 103.08 | OK | |
r-release-linux-x86_64 | 0.5.4 | 10.11 | 85.55 | 95.66 | OK | |
r-release-macos-arm64 | 0.5.4 | 45.00 | OK | |||
r-release-macos-x86_64 | 0.5.4 | 69.00 | OK | |||
r-release-windows-x86_64 | 0.5.4 | 15.00 | 107.00 | 122.00 | OK | |
r-oldrel-macos-arm64 | 0.5.4 | 45.00 | OK | |||
r-oldrel-macos-x86_64 | 0.5.4 | 113.00 | OK | |||
r-oldrel-windows-x86_64 | 0.5.4 | 18.00 | 132.00 | 150.00 | OK |
Version: 0.5.4
Check: Rd cross-references
Result: NOTE
Found the following Rd file(s) with Rd \link{} targets missing package
anchors:
lifecycles.Rd: tibble
Please provide package anchors for all Rd \link{} targets not in the
package itself and the base packages.
Flavors: r-devel-linux-x86_64-debian-clang, r-devel-linux-x86_64-debian-gcc, r-devel-windows-x86_64