CRAN Package Check Results for Package c060

Last updated on 2025-11-16 04:48:28 CET.

Flavor Version Tinstall Tcheck Ttotal Status Flags
r-devel-linux-x86_64-debian-clang 0.4-0 8.60 74.78 83.38 OK
r-devel-linux-x86_64-debian-gcc 0.4-0 6.10 56.81 62.91 NOTE
r-devel-linux-x86_64-fedora-clang 0.4-0 18.00 105.69 123.69 OK
r-devel-linux-x86_64-fedora-gcc 0.4-0 19.00 101.67 120.67 OK
r-devel-windows-x86_64 0.4-0 13.00 87.00 100.00 OK
r-patched-linux-x86_64 0.4-0 8.32 71.61 79.93 OK
r-release-linux-x86_64 0.4-0 8.43 70.20 78.63 OK
r-release-macos-arm64 0.4-0 4.00 37.00 41.00 OK
r-release-macos-x86_64 0.4-0 9.00 73.00 82.00 OK
r-release-windows-x86_64 0.4-0 10.00 85.00 95.00 OK
r-oldrel-macos-arm64 0.4-0 5.00 39.00 44.00 OK
r-oldrel-macos-x86_64 0.4-0 9.00 91.00 100.00 OK
r-oldrel-windows-x86_64 0.4-0 13.00 108.00 121.00 OK

Check Details

Version: 0.4-0
Check: CRAN incoming feasibility
Result: NOTE Maintainer: ‘Frederic Bertrand <frederic.bertrand@lecnam.net>’ The BugReports field in DESCRIPTION has https://github.com/fbertran/c060/issues/ which should likely be https://github.com/fbertran/c060/issues/issues instead. Flavor: r-devel-linux-x86_64-debian-gcc