Last updated on 2025-11-16 04:48:28 CET.
| Flavor | Version | Tinstall | Tcheck | Ttotal | Status | Flags |
|---|---|---|---|---|---|---|
| r-devel-linux-x86_64-debian-clang | 0.6.0 | 2.29 | 24.74 | 27.03 | OK | |
| r-devel-linux-x86_64-debian-gcc | 0.6.0 | 2.11 | 20.31 | 22.42 | OK | |
| r-devel-linux-x86_64-fedora-clang | 0.6.0 | 41.11 | OK | |||
| r-devel-linux-x86_64-fedora-gcc | 0.6.0 | 38.98 | OK | |||
| r-devel-windows-x86_64 | 0.6.0 | 7.00 | 45.00 | 52.00 | OK | |
| r-patched-linux-x86_64 | 0.6.0 | 2.82 | 23.58 | 26.40 | OK | |
| r-release-linux-x86_64 | 0.6.0 | 2.69 | 23.66 | 26.35 | OK | |
| r-release-macos-arm64 | 0.6.0 | 2.00 | 20.00 | 22.00 | OK | |
| r-release-macos-x86_64 | 0.6.0 | 3.00 | 28.00 | 31.00 | OK | |
| r-release-windows-x86_64 | 0.6.0 | 4.00 | 42.00 | 46.00 | OK | |
| r-oldrel-macos-arm64 | 0.6.0 | 1.00 | 19.00 | 20.00 | NOTE | |
| r-oldrel-macos-x86_64 | 0.6.0 | 2.00 | 25.00 | 27.00 | NOTE | |
| r-oldrel-windows-x86_64 | 0.6.0 | 5.00 | 50.00 | 55.00 | NOTE |
Version: 0.6.0
Check: LazyData
Result: NOTE
'LazyData' is specified without a 'data' directory
Flavors: r-oldrel-macos-arm64, r-oldrel-macos-x86_64, r-oldrel-windows-x86_64