Last updated on 2024-08-25 05:49:16 CEST.
Flavor | Version | Tinstall | Tcheck | Ttotal | Status | Flags |
---|---|---|---|---|---|---|
r-devel-linux-x86_64-debian-clang | 0.2.2 | 10.20 | 79.50 | 89.70 | OK | |
r-devel-linux-x86_64-debian-gcc | 0.2.2 | 7.37 | 58.65 | 66.02 | OK | |
r-devel-linux-x86_64-fedora-clang | 0.2.2 | 144.44 | NOTE | |||
r-devel-linux-x86_64-fedora-gcc | 0.2.2 | 133.46 | NOTE | |||
r-devel-windows-x86_64 | 0.2.2 | 11.00 | 87.00 | 98.00 | OK | |
r-patched-linux-x86_64 | 0.2.2 | 9.59 | 76.33 | 85.92 | OK | |
r-release-linux-x86_64 | 0.2.2 | 8.26 | 75.77 | 84.03 | OK | |
r-release-macos-arm64 | 0.2.2 | 43.00 | OK | |||
r-release-macos-x86_64 | 0.2.2 | 136.00 | OK | |||
r-release-windows-x86_64 | 0.2.2 | 12.00 | 89.00 | 101.00 | OK | |
r-oldrel-macos-arm64 | 0.2.2 | 45.00 | OK | |||
r-oldrel-macos-x86_64 | 0.2.2 | 64.00 | OK | |||
r-oldrel-windows-x86_64 | 0.2.2 | 14.00 | 105.00 | 119.00 | OK |
Version: 0.2.2
Check: dependencies in R code
Result: NOTE
Namespace in Imports field not imported from: ‘markdown’
All declared Imports should be used.
Flavors: r-devel-linux-x86_64-fedora-clang, r-devel-linux-x86_64-fedora-gcc