Last updated on 2024-08-25 05:49:16 CEST.
Flavor | Version | Tinstall | Tcheck | Ttotal | Status | Flags |
---|---|---|---|---|---|---|
r-devel-linux-x86_64-debian-clang | 0.1 | 8.04 | 60.78 | 68.82 | OK | |
r-devel-linux-x86_64-debian-gcc | 0.1 | 5.48 | 45.50 | 50.98 | OK | |
r-devel-linux-x86_64-fedora-clang | 0.1 | 109.09 | NOTE | |||
r-devel-linux-x86_64-fedora-gcc | 0.1 | 100.75 | NOTE | |||
r-devel-windows-x86_64 | 0.1 | 9.00 | 73.00 | 82.00 | OK | |
r-patched-linux-x86_64 | 0.1 | 6.85 | 58.20 | 65.05 | OK | |
r-release-linux-x86_64 | 0.1 | 7.21 | 57.93 | 65.14 | OK | |
r-release-macos-arm64 | 0.1 | 38.00 | OK | |||
r-release-macos-x86_64 | 0.1 | 52.00 | OK | |||
r-release-windows-x86_64 | 0.1 | 11.00 | 71.00 | 82.00 | OK | |
r-oldrel-macos-arm64 | 0.1 | 32.00 | OK | |||
r-oldrel-macos-x86_64 | 0.1 | 50.00 | OK | |||
r-oldrel-windows-x86_64 | 0.1 | 11.00 | 83.00 | 94.00 | OK |
Version: 0.1
Check: data for non-ASCII characters
Result: NOTE
Note: found 287 marked UTF-8 strings
Flavors: r-devel-linux-x86_64-fedora-clang, r-devel-linux-x86_64-fedora-gcc