Last updated on 2025-11-16 04:48:28 CET.
| Flavor | Version | Tinstall | Tcheck | Ttotal | Status | Flags |
|---|---|---|---|---|---|---|
| r-devel-linux-x86_64-debian-clang | 2.1.0 | 8.91 | 454.21 | 463.12 | OK | |
| r-devel-linux-x86_64-debian-gcc | 2.1.0 | 6.31 | 299.69 | 306.00 | OK | |
| r-devel-linux-x86_64-fedora-clang | 2.1.0 | 40.00 | 723.61 | 763.61 | OK | |
| r-devel-linux-x86_64-fedora-gcc | 2.1.0 | 20.00 | 713.34 | 733.34 | OK | |
| r-devel-windows-x86_64 | 2.1.0 | 13.00 | 558.00 | 571.00 | OK | |
| r-patched-linux-x86_64 | 2.1.0 | 7.80 | 424.54 | 432.34 | OK | |
| r-release-linux-x86_64 | 2.1.0 | 8.78 | 432.08 | 440.86 | OK | |
| r-release-macos-arm64 | 2.1.0 | 4.00 | 184.00 | 188.00 | OK | |
| r-release-macos-x86_64 | 2.1.0 | 13.00 | 544.00 | 557.00 | OK | |
| r-release-windows-x86_64 | 2.1.0 | 13.00 | 506.00 | 519.00 | OK | |
| r-oldrel-macos-arm64 | 2.1.0 | 4.00 | 183.00 | 187.00 | NOTE | |
| r-oldrel-macos-x86_64 | 2.1.0 | 11.00 | 488.00 | 499.00 | NOTE | |
| r-oldrel-windows-x86_64 | 2.1.0 | 17.00 | 508.00 | 525.00 | NOTE |
Version: 2.1.0
Check: installed package size
Result: NOTE
installed size is 7.7Mb
sub-directories of 1Mb or more:
extdata 7.2Mb
Flavors: r-oldrel-macos-arm64, r-oldrel-macos-x86_64, r-oldrel-windows-x86_64