Last updated on 2025-11-16 04:48:28 CET.
| Flavor | Version | Tinstall | Tcheck | Ttotal | Status | Flags |
|---|---|---|---|---|---|---|
| r-devel-linux-x86_64-debian-clang | 1.8.0 | 33.01 | 76.92 | 109.93 | OK | |
| r-devel-linux-x86_64-debian-gcc | 1.8.0 | 26.41 | 54.09 | 80.50 | OK | |
| r-devel-linux-x86_64-fedora-clang | 1.8.0 | 72.00 | 109.77 | 181.77 | OK | |
| r-devel-linux-x86_64-fedora-gcc | 1.8.0 | 90.00 | 105.06 | 195.06 | OK | |
| r-devel-windows-x86_64 | 1.8.0 | 43.00 | 102.00 | 145.00 | OK | |
| r-patched-linux-x86_64 | 1.8.0 | 37.43 | 70.57 | 108.00 | OK | |
| r-release-linux-x86_64 | 1.8.0 | 35.82 | 70.49 | 106.31 | OK | |
| r-release-macos-arm64 | 1.8.0 | 5.00 | 6.00 | 11.00 | ERROR | |
| r-release-macos-x86_64 | 1.8.0 | 16.00 | 10.00 | 26.00 | ERROR | |
| r-release-windows-x86_64 | 1.8.0 | 40.00 | 100.00 | 140.00 | OK | |
| r-oldrel-macos-arm64 | 1.8.0 | 7.00 | 10.00 | 17.00 | ERROR | |
| r-oldrel-macos-x86_64 | 1.8.0 | 12.00 | 13.00 | 25.00 | ERROR | |
| r-oldrel-windows-x86_64 | 1.8.0 | 49.00 | 129.00 | 178.00 | OK |
Version: 1.8.0
Check: whether package can be installed
Result: ERROR
Installation failed.
Flavors: r-release-macos-arm64, r-release-macos-x86_64, r-oldrel-macos-arm64, r-oldrel-macos-x86_64