Last updated on 2025-11-16 04:48:28 CET.
| Flavor | Version | Tinstall | Tcheck | Ttotal | Status | Flags |
|---|---|---|---|---|---|---|
| r-devel-linux-x86_64-debian-clang | 1.1.11 | 1.67 | 22.23 | 23.90 | NOTE | |
| r-devel-linux-x86_64-debian-gcc | 1.1.11 | 1.45 | 18.70 | 20.15 | NOTE | |
| r-devel-linux-x86_64-fedora-clang | 1.1.11 | 35.31 | OK | |||
| r-devel-linux-x86_64-fedora-gcc | 1.1.11 | 33.68 | OK | |||
| r-devel-windows-x86_64 | 1.1.11 | 6.00 | 41.00 | 47.00 | OK | |
| r-patched-linux-x86_64 | 1.1.11 | 1.83 | 20.94 | 22.77 | OK | |
| r-release-linux-x86_64 | 1.1.11 | 1.84 | 20.99 | 22.83 | OK | |
| r-release-macos-arm64 | 1.1.11 | 1.00 | 17.00 | 18.00 | OK | |
| r-release-macos-x86_64 | 1.1.11 | 2.00 | 24.00 | 26.00 | OK | |
| r-release-windows-x86_64 | 1.1.11 | 3.00 | 42.00 | 45.00 | OK | |
| r-oldrel-macos-arm64 | 1.1.11 | 1.00 | 21.00 | 22.00 | OK | |
| r-oldrel-macos-x86_64 | 1.1.11 | 2.00 | 22.00 | 24.00 | OK | |
| r-oldrel-windows-x86_64 | 1.1.11 | 3.00 | 52.00 | 55.00 | OK |
Version: 1.1.11
Check: CRAN incoming feasibility
Result: NOTE
Maintainer: ‘Korbinian Strimmer <strimmerlab@gmail.com>’
No Authors@R field in DESCRIPTION.
Please add one, modifying
Authors@R: c(person(given = "Verena",
family = "Zuber",
role = "aut"),
person(given = "Korbinian",
family = "Strimmer.",
role = "aut"),
person(given = "Korbinian",
family = "Strimmer",
role = "cre",
email = "strimmerlab@gmail.com"))
as necessary.
Flavors: r-devel-linux-x86_64-debian-clang, r-devel-linux-x86_64-debian-gcc