Last updated on 2025-10-16 05:50:58 CEST.
Flavor | Version | Tinstall | Tcheck | Ttotal | Status | Flags |
---|---|---|---|---|---|---|
r-devel-linux-x86_64-debian-clang | 1.5.0 | 105.02 | 131.78 | 236.80 | WARN | |
r-devel-linux-x86_64-debian-gcc | 1.5.0 | 69.29 | 90.64 | 159.93 | WARN | |
r-devel-linux-x86_64-fedora-clang | 1.6.0 | 460.32 | OK | |||
r-devel-linux-x86_64-fedora-gcc | 1.6.0 | 397.20 | OK | |||
r-devel-windows-x86_64 | 1.5.0 | 149.00 | 159.00 | 308.00 | NOTE | |
r-patched-linux-x86_64 | 1.5.0 | 107.03 | 124.56 | 231.59 | NOTE | |
r-release-linux-x86_64 | 1.5.0 | 97.16 | 125.47 | 222.63 | NOTE | |
r-release-macos-arm64 | 1.5.0 | 114.00 | NOTE | |||
r-release-macos-x86_64 | 1.6.0 | 160.00 | OK | |||
r-release-windows-x86_64 | 1.5.0 | 152.00 | 161.00 | 313.00 | NOTE | |
r-oldrel-macos-arm64 | 1.5.0 | 58.00 | NOTE | |||
r-oldrel-macos-x86_64 | 1.6.0 | 157.00 | NOTE | |||
r-oldrel-windows-x86_64 | 1.5.0 | 171.00 | 207.00 | 378.00 | NOTE |
Version: 1.5.0
Check: whether package can be installed
Result: WARN
Found the following significant warnings:
/home/hornik/tmp/R.check/r-devel-clang/Work/build/Packages/RcppArmadillo/include/RcppArmadillo/version/arma.h:66:17: warning: Using fallback compilation with Armadillo 14.6.3. Please consider defining -DARMA_USE_CURRENT and also removing C++11 compilation directive. See GitHub issue #475 for more. [-W#pragma-messages]
See ‘/home/hornik/tmp/R.check/r-devel-clang/Work/PKGS/catSurv.Rcheck/00install.out’ for details.
* used C compiler: ‘Debian clang version 19.1.7 (7)’
* used C++ compiler: ‘Debian clang version 19.1.7 (7)’
Flavor: r-devel-linux-x86_64-debian-clang
Version: 1.5.0
Check: C++ specification
Result: NOTE
Specified C++11: please drop specification unless essential
Flavors: r-devel-linux-x86_64-debian-clang, r-devel-linux-x86_64-debian-gcc, r-devel-windows-x86_64, r-patched-linux-x86_64, r-release-linux-x86_64, r-release-macos-arm64, r-release-windows-x86_64, r-oldrel-macos-arm64, r-oldrel-windows-x86_64
Version: 1.5.0
Check: whether package can be installed
Result: WARN
Found the following significant warnings:
/home/hornik/tmp/R.check/r-devel-gcc/Work/build/Packages/RcppArmadillo/include/RcppArmadillo/version/arma.h:66:199: note: ‘#pragma message: Using fallback compilation with Armadillo 14.6.3. Please consider defining -DARMA_USE_CURRENT and also removing C++11 compilation directive. See GitHub issue #475 for more.’
See ‘/home/hornik/tmp/R.check/r-devel-gcc/Work/PKGS/catSurv.Rcheck/00install.out’ for details.
* used C compiler: ‘gcc-15 (Debian 15.2.0-4) 15.2.0’
* used C++ compiler: ‘g++-15 (Debian 15.2.0-4) 15.2.0’
Flavor: r-devel-linux-x86_64-debian-gcc
Version: 1.5.0
Check: installed package size
Result: NOTE
installed size is 7.1Mb
sub-directories of 1Mb or more:
libs 6.2Mb
Flavor: r-oldrel-macos-arm64
Version: 1.5.0
Check: for GNU extensions in Makefiles
Result: NOTE
GNU make is a SystemRequirements.
Flavors: r-oldrel-macos-arm64, r-oldrel-windows-x86_64
Version: 1.6.0
Check: installed package size
Result: NOTE
installed size is 7.0Mb
sub-directories of 1Mb or more:
libs 6.1Mb
Flavor: r-oldrel-macos-x86_64
Version: 1.6.0
Check: for GNU extensions in Makefiles
Result: NOTE
GNU make is a SystemRequirements.
Flavor: r-oldrel-macos-x86_64