Last updated on 2025-11-16 04:48:28 CET.
| Flavor | Version | Tinstall | Tcheck | Ttotal | Status | Flags |
|---|---|---|---|---|---|---|
| r-devel-linux-x86_64-debian-clang | 1.2.4 | 1.51 | 163.60 | 165.11 | NOTE | |
| r-devel-linux-x86_64-debian-gcc | 1.2.4 | 1.28 | 137.55 | 138.83 | NOTE | |
| r-devel-linux-x86_64-fedora-clang | 1.2.4 | 241.35 | OK | |||
| r-devel-linux-x86_64-fedora-gcc | 1.2.4 | 250.68 | OK | |||
| r-devel-windows-x86_64 | 1.2.4 | 8.00 | 399.00 | 407.00 | OK | |
| r-patched-linux-x86_64 | 1.2.4 | 1.91 | 160.58 | 162.49 | OK | |
| r-release-linux-x86_64 | 1.2.4 | 1.39 | 160.06 | 161.45 | OK | |
| r-release-macos-arm64 | 1.2.4 | 1.00 | 149.00 | 150.00 | OK | |
| r-release-macos-x86_64 | 1.2.4 | 2.00 | 247.00 | 249.00 | OK | |
| r-release-windows-x86_64 | 1.2.4 | 4.00 | 399.00 | 403.00 | OK | |
| r-oldrel-macos-arm64 | 1.2.4 | 1.00 | 134.00 | 135.00 | OK | |
| r-oldrel-macos-x86_64 | 1.2.4 | 2.00 | 362.00 | 364.00 | OK | |
| r-oldrel-windows-x86_64 | 1.2.4 | 4.00 | 373.00 | 377.00 | OK |
Version: 1.2.4
Check: CRAN incoming feasibility
Result: NOTE
Maintainer: ‘Gunther Schauberger <gunther.schauberger@tum.de>’
No Authors@R field in DESCRIPTION.
Please add one, modifying
Authors@R: c(person(given = "Gunther",
family = "Schauberger",
role = c("aut", "cre"),
email = "gunther.schauberger@tum.de"),
person(given = "Gerhard",
family = "Tutz",
role = "aut"))
as necessary.
Flavors: r-devel-linux-x86_64-debian-clang, r-devel-linux-x86_64-debian-gcc