Last updated on 2024-08-25 05:49:17 CEST.
Flavor | Version | Tinstall | Tcheck | Ttotal | Status | Flags |
---|---|---|---|---|---|---|
r-devel-linux-x86_64-debian-clang | 2.5.3 | 95.31 | 251.08 | 346.39 | OK | |
r-devel-linux-x86_64-debian-gcc | 2.5.3 | 77.90 | 193.29 | 271.19 | OK | |
r-devel-linux-x86_64-fedora-clang | 2.5.3 | 685.55 | NOTE | |||
r-devel-linux-x86_64-fedora-gcc | 2.5.3 | 692.89 | OK | |||
r-devel-windows-x86_64 | 2.5.3 | 120.00 | 283.00 | 403.00 | NOTE | |
r-patched-linux-x86_64 | 2.5.3 | 104.13 | 256.44 | 360.57 | OK | |
r-release-linux-x86_64 | 2.5.3 | 105.93 | 254.25 | 360.18 | OK | |
r-release-macos-arm64 | 2.5.3 | 147.00 | NOTE | |||
r-release-macos-x86_64 | 2.5.3 | 217.00 | NOTE | |||
r-release-windows-x86_64 | 2.5.3 | 118.00 | 296.00 | 414.00 | NOTE | |
r-oldrel-macos-arm64 | 2.5.3 | 169.00 | NOTE | |||
r-oldrel-macos-x86_64 | 2.5.3 | 309.00 | NOTE | |||
r-oldrel-windows-x86_64 | 2.5.3 | 141.00 | 346.00 | 487.00 | NOTE |
Version: 2.5.3
Check: installed package size
Result: NOTE
installed size is 6.6Mb
sub-directories of 1Mb or more:
data 3.2Mb
doc 2.0Mb
Flavors: r-devel-linux-x86_64-fedora-clang, r-devel-windows-x86_64, r-release-macos-arm64, r-release-macos-x86_64, r-release-windows-x86_64, r-oldrel-macos-arm64, r-oldrel-macos-x86_64, r-oldrel-windows-x86_64