Last updated on 2024-08-25 05:49:17 CEST.
Flavor | Version | Tinstall | Tcheck | Ttotal | Status | Flags |
---|---|---|---|---|---|---|
r-devel-linux-x86_64-debian-clang | 2.0.0 | 48.85 | 71.78 | 120.63 | OK | |
r-devel-linux-x86_64-debian-gcc | 2.0.0 | 37.95 | 56.16 | 94.11 | OK | |
r-devel-linux-x86_64-fedora-clang | 2.0.0 | 193.96 | OK | |||
r-devel-linux-x86_64-fedora-gcc | 2.0.0 | 213.08 | OK | |||
r-devel-windows-x86_64 | 2.0.0 | 49.00 | 106.00 | 155.00 | OK | |
r-patched-linux-x86_64 | 2.0.0 | 50.48 | 70.62 | 121.10 | OK | |
r-release-linux-x86_64 | 2.0.0 | 52.39 | 70.76 | 123.15 | OK | |
r-release-macos-arm64 | 2.0.0 | 50.00 | NOTE | |||
r-release-macos-x86_64 | 2.0.0 | 77.00 | NOTE | |||
r-release-windows-x86_64 | 2.0.0 | 50.00 | 106.00 | 156.00 | OK | |
r-oldrel-macos-arm64 | 2.0.0 | 58.00 | NOTE | |||
r-oldrel-macos-x86_64 | 2.0.0 | 95.00 | NOTE | |||
r-oldrel-windows-x86_64 | 2.0.0 | 60.00 | 129.00 | 189.00 | OK |
Version: 2.0.0
Check: installed package size
Result: NOTE
installed size is 17.5Mb
sub-directories of 1Mb or more:
libs 17.3Mb
Flavors: r-release-macos-arm64, r-release-macos-x86_64, r-oldrel-macos-arm64, r-oldrel-macos-x86_64