Last updated on 2025-10-25 05:49:57 CEST.
| Flavor | Version | Tinstall | Tcheck | Ttotal | Status | Flags |
|---|---|---|---|---|---|---|
| r-devel-linux-x86_64-debian-clang | 1.9.2 | 29.97 | 354.41 | 384.38 | NOTE | |
| r-devel-linux-x86_64-debian-gcc | 1.9.2 | 17.69 | 207.25 | 224.94 | NOTE | |
| r-devel-linux-x86_64-fedora-clang | 1.9.2 | 34.00 | 373.00 | 407.00 | OK | |
| r-devel-linux-x86_64-fedora-gcc | 1.9.2 | 132.00 | 447.55 | 579.55 | NOTE | |
| r-devel-windows-x86_64 | 1.9.2 | 25.00 | 261.00 | 286.00 | OK | |
| r-patched-linux-x86_64 | 1.9.2 | 26.08 | 315.96 | 342.04 | OK | |
| r-release-linux-x86_64 | 1.9.2 | 24.94 | 318.78 | 343.72 | OK | |
| r-release-macos-arm64 | 1.9.2 | 10.00 | 110.00 | 120.00 | OK | |
| r-release-macos-x86_64 | 1.9.2 | 24.00 | 278.00 | 302.00 | OK | |
| r-release-windows-x86_64 | 1.9.2 | 25.00 | 268.00 | 293.00 | OK | |
| r-oldrel-macos-arm64 | 1.9.2 | 10.00 | 111.00 | 121.00 | OK | |
| r-oldrel-macos-x86_64 | 1.9.2 | 29.00 | 212.00 | 241.00 | OK | |
| r-oldrel-windows-x86_64 | 1.9.2 | 34.00 | 380.00 | 414.00 | OK |
Version: 1.9.2
Check: CRAN incoming feasibility
Result: NOTE
Maintainer: ‘Brett Moore <Brett.Moore@nrcan-rncan.gc.ca>’
The BugReports field in DESCRIPTION has
https://github.com/cffdrs/cffdrs_r/issues/new/choose
which should likely be
https://github.com/cffdrs/cffdrs_r/issues/new/choose/issues
instead.
Flavors: r-devel-linux-x86_64-debian-clang, r-devel-linux-x86_64-debian-gcc
Version: 1.9.2
Check: Rd files
Result: NOTE
checkRd: (-1) fbp.Rd:23-73: Only 3 columns allowed in this table (row 3 has 2)
checkRd: (-1) fbp.Rd:23-73: Only 3 columns allowed in this table (row 4 has 2)
checkRd: (-1) fbp.Rd:23-73: Only 3 columns allowed in this table (row 5 has 2)
checkRd: (-1) fbp.Rd:23-73: Only 3 columns allowed in this table (row 6 has 2)
checkRd: (-1) fbp.Rd:23-73: Only 3 columns allowed in this table (row 7 has 2)
checkRd: (-1) fbp.Rd:23-73: Only 3 columns allowed in this table (row 8 has 2)
checkRd: (-1) fbp.Rd:23-73: Only 3 columns allowed in this table (row 9 has 1)
checkRd: (-1) fbp.Rd:23-73: Only 3 columns allowed in this table (row 18 has 1)
checkRd: (-1) fbp.Rd:23-73: Only 3 columns allowed in this table (row 19 has 2)
checkRd: (-1) fbp.Rd:23-73: Only 3 columns allowed in this table (row 20 has 2)
checkRd: (-1) fbp.Rd:23-73: Only 3 columns allowed in this table (row 21 has 2)
checkRd: (-1) fbp.Rd:23-73: Only 3 columns allowed in this table (row 22 has 1)
checkRd: (-1) fbp.Rd:23-73: Only 3 columns allowed in this table (row 28 has 1)
checkRd: (-1) fbp.Rd:23-73: Only 3 columns allowed in this table (row 29 has 2)
checkRd: (-1) fbp.Rd:23-73: Only 3 columns allowed in this table (row 30 has 2)
checkRd: (-1) fbp.Rd:23-73: Only 3 columns allowed in this table (row 31 has 1)
checkRd: (-1) fbp.Rd:23-73: Only 3 columns allowed in this table (row 46 has 1)
checkRd: (-1) fbp.Rd:78-81: Only 2 columns allowed in this table (row 5 has 1)
checkRd: (-1) fbpRaster.Rd:224-244: Only 2 columns allowed in this table (row 21 has 1)
checkRd: (-1) fbpRaster.Rd:22-72: Only 3 columns allowed in this table (row 3 has 2)
checkRd: (-1) fbpRaster.Rd:22-72: Only 3 columns allowed in this table (row 4 has 2)
checkRd: (-1) fbpRaster.Rd:22-72: Only 3 columns allowed in this table (row 5 has 2)
checkRd: (-1) fbpRaster.Rd:22-72: Only 3 columns allowed in this table (row 6 has 2)
checkRd: (-1) fbpRaster.Rd:22-72: Only 3 columns allowed in this table (row 7 has 2)
checkRd: (-1) fbpRaster.Rd:22-72: Only 3 columns allowed in this table (row 8 has 2)
checkRd: (-1) fbpRaster.Rd:22-72: Only 3 columns allowed in this table (row 9 has 1)
checkRd: (-1) fbpRaster.Rd:22-72: Only 3 columns allowed in this table (row 18 has 1)
checkRd: (-1) fbpRaster.Rd:22-72: Only 3 columns allowed in this table (row 19 has 2)
checkRd: (-1) fbpRaster.Rd:22-72: Only 3 columns allowed in this table (row 20 has 2)
checkRd: (-1) fbpRaster.Rd:22-72: Only 3 columns allowed in this table (row 21 has 2)
checkRd: (-1) fbpRaster.Rd:22-72: Only 3 columns allowed in this table (row 22 has 1)
checkRd: (-1) fbpRaster.Rd:22-72: Only 3 columns allowed in this table (row 28 has 1)
checkRd: (-1) fbpRaster.Rd:22-72: Only 3 columns allowed in this table (row 29 has 2)
checkRd: (-1) fbpRaster.Rd:22-72: Only 3 columns allowed in this table (row 30 has 2)
checkRd: (-1) fbpRaster.Rd:22-72: Only 3 columns allowed in this table (row 31 has 1)
checkRd: (-1) fbpRaster.Rd:22-72: Only 3 columns allowed in this table (row 46 has 1)
Flavors: r-devel-linux-x86_64-debian-clang, r-devel-linux-x86_64-debian-gcc, r-devel-linux-x86_64-fedora-gcc