Last updated on 2025-10-25 05:49:57 CEST.
| Flavor | Version | Tinstall | Tcheck | Ttotal | Status | Flags |
|---|---|---|---|---|---|---|
| r-devel-linux-x86_64-debian-clang | 1.0.0 | 8.13 | 64.04 | 72.17 | NOTE | |
| r-devel-linux-x86_64-debian-gcc | 1.0.0 | 6.28 | 47.20 | 53.48 | NOTE | |
| r-devel-linux-x86_64-fedora-clang | 1.0.0 | 12.00 | 75.47 | 87.47 | OK | |
| r-devel-linux-x86_64-fedora-gcc | 1.0.0 | 18.00 | 105.89 | 123.89 | OK | |
| r-devel-windows-x86_64 | 1.0.0 | 10.00 | 71.00 | 81.00 | OK | |
| r-patched-linux-x86_64 | 1.0.0 | 7.20 | 58.18 | 65.38 | OK | |
| r-release-linux-x86_64 | 1.0.0 | 7.38 | 58.70 | 66.08 | OK | |
| r-release-macos-arm64 | 1.0.0 | 4.00 | 35.00 | 39.00 | OK | |
| r-release-macos-x86_64 | 1.0.0 | 6.00 | 70.00 | 76.00 | OK | |
| r-release-windows-x86_64 | 1.0.0 | 10.00 | 72.00 | 82.00 | OK | |
| r-oldrel-macos-arm64 | 1.0.0 | 4.00 | 39.00 | 43.00 | OK | |
| r-oldrel-macos-x86_64 | 1.0.0 | 6.00 | 54.00 | 60.00 | OK | |
| r-oldrel-windows-x86_64 | 1.0.0 | 13.00 | 90.00 | 103.00 | OK |
Version: 1.0.0
Check: CRAN incoming feasibility
Result: NOTE
Maintainer: ‘Erick Verleye <erve3705@colorado.edu>’
Package CITATION file contains call(s) to old-style personList() or
as.personList(). Please use c() on person objects instead.
Package CITATION file contains call(s) to old-style citEntry(). Please
use bibentry() instead.
Flavors: r-devel-linux-x86_64-debian-clang, r-devel-linux-x86_64-debian-gcc