Last updated on 2025-10-25 05:49:57 CEST.
| Flavor | Version | Tinstall | Tcheck | Ttotal | Status | Flags |
|---|---|---|---|---|---|---|
| r-devel-linux-x86_64-debian-clang | 0.1.2 | 1.62 | 22.82 | 24.44 | OK | |
| r-devel-linux-x86_64-debian-gcc | 0.1.2 | 1.33 | 19.09 | 20.42 | OK | |
| r-devel-linux-x86_64-fedora-clang | 0.1.2 | 25.58 | OK | |||
| r-devel-linux-x86_64-fedora-gcc | 0.1.2 | 49.12 | OK | |||
| r-devel-windows-x86_64 | 0.1.2 | 4.00 | 41.00 | 45.00 | OK | |
| r-patched-linux-x86_64 | 0.1.2 | 1.63 | 20.59 | 22.22 | OK | |
| r-release-linux-x86_64 | 0.1.2 | 1.57 | 20.57 | 22.14 | OK | |
| r-release-macos-arm64 | 0.1.2 | 1.00 | 21.00 | 22.00 | OK | |
| r-release-macos-x86_64 | 0.1.2 | 1.00 | 42.00 | 43.00 | OK | |
| r-release-windows-x86_64 | 0.1.2 | 3.00 | 41.00 | 44.00 | OK | |
| r-oldrel-macos-arm64 | 0.1.2 | 1.00 | 26.00 | 27.00 | NOTE | |
| r-oldrel-macos-x86_64 | 0.1.2 | 1.00 | 32.00 | 33.00 | NOTE | |
| r-oldrel-windows-x86_64 | 0.1.2 | 3.00 | 47.00 | 50.00 | NOTE |
Version: 0.1.2
Check: LazyData
Result: NOTE
'LazyData' is specified without a 'data' directory
Flavors: r-oldrel-macos-arm64, r-oldrel-macos-x86_64, r-oldrel-windows-x86_64