Last updated on 2025-10-25 05:49:57 CEST.
| Flavor | Version | Tinstall | Tcheck | Ttotal | Status | Flags |
|---|---|---|---|---|---|---|
| r-devel-linux-x86_64-debian-clang | 0.6.1 | 11.10 | 284.52 | 295.62 | OK | |
| r-devel-linux-x86_64-debian-gcc | 0.6.1 | 9.25 | 196.08 | 205.33 | OK | |
| r-devel-linux-x86_64-fedora-clang | 0.6.1 | 14.00 | 325.89 | 339.89 | OK | |
| r-devel-linux-x86_64-fedora-gcc | 0.6.1 | 25.00 | 421.39 | 446.39 | OK | |
| r-devel-windows-x86_64 | 0.6.1 | 13.00 | 240.00 | 253.00 | OK | |
| r-patched-linux-x86_64 | 0.6.1 | 11.20 | 271.66 | 282.86 | OK | |
| r-release-linux-x86_64 | 0.6.1 | 11.40 | 271.07 | 282.47 | OK | |
| r-release-macos-arm64 | 0.6.1 | 7.00 | 219.00 | 226.00 | OK | |
| r-release-macos-x86_64 | 0.6.1 | 11.00 | 230.00 | 241.00 | OK | |
| r-release-windows-x86_64 | 0.6.1 | 15.00 | 242.00 | 257.00 | OK | |
| r-oldrel-macos-arm64 | 0.6.1 | 6.00 | 113.00 | 119.00 | NOTE | |
| r-oldrel-macos-x86_64 | 0.6.1 | 8.00 | 161.00 | 169.00 | NOTE | |
| r-oldrel-windows-x86_64 | 0.6.1 | 19.00 | 365.00 | 384.00 | NOTE |
Version: 0.6.1
Check: LazyData
Result: NOTE
'LazyData' is specified without a 'data' directory
Flavors: r-oldrel-macos-arm64, r-oldrel-macos-x86_64, r-oldrel-windows-x86_64