Last updated on 2025-11-16 04:48:29 CET.
| Flavor | Version | Tinstall | Tcheck | Ttotal | Status | Flags |
|---|---|---|---|---|---|---|
| r-devel-linux-x86_64-debian-clang | 0.6.1 | 12.23 | 282.12 | 294.35 | OK | |
| r-devel-linux-x86_64-debian-gcc | 0.6.1 | 8.78 | 194.32 | 203.10 | OK | |
| r-devel-linux-x86_64-fedora-clang | 0.6.1 | 26.00 | 425.15 | 451.15 | OK | |
| r-devel-linux-x86_64-fedora-gcc | 0.6.1 | 24.00 | 416.13 | 440.13 | OK | |
| r-devel-windows-x86_64 | 0.6.1 | 19.00 | 241.00 | 260.00 | OK | |
| r-patched-linux-x86_64 | 0.6.1 | 13.25 | 272.09 | 285.34 | OK | |
| r-release-linux-x86_64 | 0.6.1 | 12.15 | 274.80 | 286.95 | OK | |
| r-release-macos-arm64 | 0.6.1 | 7.00 | 219.00 | 226.00 | OK | |
| r-release-macos-x86_64 | 0.6.1 | 11.00 | 230.00 | 241.00 | OK | |
| r-release-windows-x86_64 | 0.6.1 | 12.00 | 238.00 | 250.00 | OK | |
| r-oldrel-macos-arm64 | 0.6.1 | 6.00 | 113.00 | 119.00 | NOTE | |
| r-oldrel-macos-x86_64 | 0.6.1 | 8.00 | 161.00 | 169.00 | NOTE | |
| r-oldrel-windows-x86_64 | 0.6.1 | 19.00 | 312.00 | 331.00 | NOTE |
Version: 0.6.1
Check: LazyData
Result: NOTE
'LazyData' is specified without a 'data' directory
Flavors: r-oldrel-macos-arm64, r-oldrel-macos-x86_64, r-oldrel-windows-x86_64