CRAN Package Check Results for Package circhelp

Last updated on 2025-11-16 04:48:29 CET.

Flavor Version Tinstall Tcheck Ttotal Status Flags
r-devel-linux-x86_64-debian-clang 1.1 11.23 200.93 212.16 NOTE
r-devel-linux-x86_64-debian-gcc 1.1 8.41 141.97 150.38 NOTE
r-devel-linux-x86_64-fedora-clang 1.1 25.00 313.44 338.44 NOTE
r-devel-linux-x86_64-fedora-gcc 1.1 25.00 314.93 339.93 NOTE
r-devel-windows-x86_64 1.1 16.00 186.00 202.00 NOTE
r-patched-linux-x86_64 1.1 11.08 193.90 204.98 NOTE
r-release-linux-x86_64 1.1 9.23 193.61 202.84 NOTE
r-release-macos-arm64 1.1 6.00 132.00 138.00 NOTE
r-release-macos-x86_64 1.1 10.00 170.00 180.00 NOTE
r-release-windows-x86_64 1.1 13.00 181.00 194.00 NOTE
r-oldrel-macos-arm64 1.1 6.00 91.00 97.00 OK
r-oldrel-macos-x86_64 1.1 14.00 248.00 262.00 OK
r-oldrel-windows-x86_64 1.1 19.00 235.00 254.00 OK

Check Details

Version: 1.1
Check: DESCRIPTION meta-information
Result: NOTE Missing dependency on R >= 4.1.0 because package code uses the pipe |> or function shorthand \(...) syntax added in R 4.1.0. File(s) using such syntax: ‘functions.R’ Flavors: r-devel-linux-x86_64-debian-clang, r-devel-linux-x86_64-debian-gcc, r-devel-linux-x86_64-fedora-clang, r-devel-linux-x86_64-fedora-gcc, r-devel-windows-x86_64, r-patched-linux-x86_64, r-release-linux-x86_64, r-release-macos-arm64, r-release-macos-x86_64, r-release-windows-x86_64

Version: 1.1
Check: HTML version of manual
Result: NOTE Found the following HTML validation problems: circhelp.html:566:1 (circ_loess.Rd:6): Warning: <script> anchor "MathJax-script" already defined Flavor: r-devel-linux-x86_64-debian-gcc