CRAN Package Check Results for Package ciuupi2

Last updated on 2025-02-21 04:51:43 CET.

Flavor Version Tinstall Tcheck Ttotal Status Flags
r-devel-linux-x86_64-debian-clang 1.0.1 2.61 29.64 32.25 OK
r-devel-linux-x86_64-debian-gcc 1.0.1 1.79 21.61 23.40 OK
r-devel-linux-x86_64-fedora-clang 1.0.1 53.49 OK
r-devel-linux-x86_64-fedora-gcc 1.0.1 64.03 OK
r-devel-macos-arm64 1.0.1 27.00 OK
r-devel-macos-x86_64 1.0.1 48.00 OK
r-devel-windows-x86_64 1.0.1 4.00 56.00 60.00 OK
r-patched-linux-x86_64 1.0.1 2.60 27.82 30.42 NOTE
r-release-linux-x86_64 1.0.1 2.26 28.50 30.76 NOTE
r-release-macos-arm64 1.0.1 25.00 NOTE
r-release-macos-x86_64 1.0.1 39.00 NOTE
r-release-windows-x86_64 1.0.1 4.00 57.00 61.00 NOTE
r-oldrel-macos-arm64 1.0.1 28.00 NOTE
r-oldrel-macos-x86_64 1.0.1 37.00 NOTE
r-oldrel-windows-x86_64 1.0.1 4.00 81.00 85.00 NOTE

Check Details

Version: 1.0.1
Check: LazyData
Result: NOTE 'LazyData' is specified without a 'data' directory Flavors: r-patched-linux-x86_64, r-release-linux-x86_64, r-release-macos-arm64, r-release-macos-x86_64, r-release-windows-x86_64, r-oldrel-macos-arm64, r-oldrel-macos-x86_64, r-oldrel-windows-x86_64