CRAN Package Check Results for Package civ

Last updated on 2025-11-16 04:48:29 CET.

Flavor Version Tinstall Tcheck Ttotal Status Flags
r-devel-linux-x86_64-debian-clang 0.1.0 1.86 30.12 31.98 NOTE
r-devel-linux-x86_64-debian-gcc 0.1.0 1.40 24.53 25.93 NOTE
r-devel-linux-x86_64-fedora-clang 0.1.0 48.51 OK
r-devel-linux-x86_64-fedora-gcc 0.1.0 60.45 OK
r-devel-windows-x86_64 0.1.0 4.00 46.00 50.00 OK
r-patched-linux-x86_64 0.1.0 1.87 27.72 29.59 OK
r-release-linux-x86_64 0.1.0 1.78 27.97 29.75 OK
r-release-macos-arm64 0.1.0 1.00 24.00 25.00 OK
r-release-macos-x86_64 0.1.0 2.00 39.00 41.00 OK
r-release-windows-x86_64 0.1.0 4.00 45.00 49.00 OK
r-oldrel-macos-arm64 0.1.0 1.00 25.00 26.00 OK
r-oldrel-macos-x86_64 0.1.0 1.00 34.00 35.00 OK
r-oldrel-windows-x86_64 0.1.0 5.00 54.00 59.00 OK

Check Details

Version: 0.1.0
Check: CRAN incoming feasibility
Result: NOTE Maintainer: ‘Thomas Wiemann <wiemann@uchicago.edu>’ The Description field contains proposed by Wiemann (2023) <arXiv:2311.17021>. CIV allows for optimal Please refer to arXiv e-prints via their arXiv DOI <doi:10.48550/arXiv.YYMM.NNNNN>. Flavors: r-devel-linux-x86_64-debian-clang, r-devel-linux-x86_64-debian-gcc