Last updated on 2024-08-25 05:49:17 CEST.
Flavor | Version | Tinstall | Tcheck | Ttotal | Status | Flags |
---|---|---|---|---|---|---|
r-devel-linux-x86_64-debian-clang | 1.6.0 | 49.02 | 21.49 | 70.51 | OK | |
r-devel-linux-x86_64-debian-gcc | 1.6.0 | 37.52 | 17.75 | 55.27 | OK | |
r-devel-linux-x86_64-fedora-clang | 1.6.0 | 180.35 | OK | |||
r-devel-linux-x86_64-fedora-gcc | 1.6.0 | 156.59 | OK | |||
r-devel-windows-x86_64 | 1.6.0 | 60.00 | 68.00 | 128.00 | OK | |
r-patched-linux-x86_64 | 1.6.0 | 50.34 | 20.65 | 70.99 | OK | |
r-release-linux-x86_64 | 1.6.0 | 50.18 | 20.90 | 71.08 | OK | |
r-release-macos-arm64 | 1.6.0 | 45.00 | NOTE | |||
r-release-macos-x86_64 | 1.6.0 | 49.00 | NOTE | |||
r-release-windows-x86_64 | 1.6.0 | 65.00 | 68.00 | 133.00 | OK | |
r-oldrel-macos-arm64 | 1.6.0 | 102.00 | NOTE | |||
r-oldrel-macos-x86_64 | 1.6.0 | 58.00 | NOTE | |||
r-oldrel-windows-x86_64 | 1.6.0 | 59.00 | 78.00 | 137.00 | OK |
Version: 1.6.0
Check: installed package size
Result: NOTE
installed size is 9.3Mb
sub-directories of 1Mb or more:
libs 9.3Mb
Flavors: r-release-macos-arm64, r-release-macos-x86_64, r-oldrel-macos-arm64, r-oldrel-macos-x86_64