CRAN Package Check Results for Package cleandata

Last updated on 2025-11-16 04:48:29 CET.

Flavor Version Tinstall Tcheck Ttotal Status Flags
r-devel-linux-x86_64-debian-clang 0.3.0 1.96 23.30 25.26 NOTE
r-devel-linux-x86_64-debian-gcc 0.3.0 1.56 18.94 20.50 NOTE
r-devel-linux-x86_64-fedora-clang 0.3.0 39.00 OK
r-devel-linux-x86_64-fedora-gcc 0.3.0 51.45 OK
r-devel-windows-x86_64 0.3.0 3.00 42.00 45.00 OK
r-patched-linux-x86_64 0.3.0 1.70 22.12 23.82 OK
r-release-linux-x86_64 0.3.0 1.85 22.04 23.89 OK
r-release-macos-arm64 0.3.0 1.00 21.00 22.00 OK
r-release-macos-x86_64 0.3.0 4.00 47.00 51.00 OK
r-release-windows-x86_64 0.3.0 4.00 42.00 46.00 OK
r-oldrel-macos-arm64 0.3.0 1.00 26.00 27.00 NOTE
r-oldrel-macos-x86_64 0.3.0 2.00 36.00 38.00 NOTE
r-oldrel-windows-x86_64 0.3.0 4.00 49.00 53.00 NOTE

Check Details

Version: 0.3.0
Check: CRAN incoming feasibility
Result: NOTE Maintainer: ‘Sherry Zhao <sxzhao@gwu.edu>’ No Authors@R field in DESCRIPTION. Please add one, modifying Authors@R: person(given = "Sherry", family = "Zhao", role = c("aut", "cre"), email = "sxzhao@gwu.edu") as necessary. Flavors: r-devel-linux-x86_64-debian-clang, r-devel-linux-x86_64-debian-gcc

Version: 0.3.0
Check: LazyData
Result: NOTE 'LazyData' is specified without a 'data' directory Flavors: r-oldrel-macos-arm64, r-oldrel-macos-x86_64, r-oldrel-windows-x86_64