Last updated on 2024-08-25 05:49:17 CEST.
Flavor | Version | Tinstall | Tcheck | Ttotal | Status | Flags |
---|---|---|---|---|---|---|
r-devel-linux-x86_64-debian-clang | 1.0-8 | 16.49 | 177.21 | 193.70 | NOTE | |
r-devel-linux-x86_64-debian-gcc | 1.0-8 | 15.23 | 119.59 | 134.82 | NOTE | |
r-devel-linux-x86_64-fedora-clang | 1.0-8 | 317.74 | NOTE | |||
r-devel-linux-x86_64-fedora-gcc | 1.0-8 | 325.18 | NOTE | |||
r-devel-windows-x86_64 | 1.0-8 | 23.00 | 209.00 | 232.00 | NOTE | |
r-patched-linux-x86_64 | 1.0-8 | 20.09 | 169.73 | 189.82 | NOTE | |
r-release-linux-x86_64 | 1.0-8 | 21.22 | 167.05 | 188.27 | NOTE | |
r-release-macos-arm64 | 1.0-8 | 86.00 | NOTE | |||
r-release-macos-x86_64 | 1.0-8 | 137.00 | NOTE | |||
r-release-windows-x86_64 | 1.0-8 | 23.00 | 210.00 | 233.00 | NOTE | |
r-oldrel-macos-arm64 | 1.0-8 | 102.00 | NOTE | |||
r-oldrel-macos-x86_64 | 1.0-8 | 183.00 | NOTE | |||
r-oldrel-windows-x86_64 | 1.0-8 | 29.00 | 281.00 | 310.00 | NOTE |
Version: 1.0-8
Check: C++ specification
Result: NOTE
Specified C++11: please drop specification unless essential
Flavors: r-devel-linux-x86_64-debian-clang, r-devel-linux-x86_64-debian-gcc, r-devel-linux-x86_64-fedora-clang, r-devel-linux-x86_64-fedora-gcc, r-devel-windows-x86_64, r-patched-linux-x86_64, r-release-linux-x86_64, r-release-macos-arm64, r-release-macos-x86_64, r-release-windows-x86_64, r-oldrel-macos-arm64, r-oldrel-macos-x86_64, r-oldrel-windows-x86_64