Last updated on 2025-10-25 05:49:58 CEST.
| Flavor | Version | Tinstall | Tcheck | Ttotal | Status | Flags |
|---|---|---|---|---|---|---|
| r-devel-linux-x86_64-debian-clang | 0.2.1 | 6.98 | 101.89 | 108.87 | OK | |
| r-devel-linux-x86_64-debian-gcc | 0.2.1 | 4.26 | 71.83 | 76.09 | OK | |
| r-devel-linux-x86_64-fedora-clang | 0.2.1 | 127.44 | OK | |||
| r-devel-linux-x86_64-fedora-gcc | 0.2.1 | 14.00 | 155.00 | 169.00 | OK | |
| r-devel-windows-x86_64 | 0.2.1 | 9.00 | 114.00 | 123.00 | OK | |
| r-patched-linux-x86_64 | 0.2.1 | 7.88 | 95.97 | 103.85 | OK | |
| r-release-linux-x86_64 | 0.2.1 | 6.76 | 94.90 | 101.66 | OK | |
| r-release-macos-arm64 | 0.2.1 | 3.00 | 52.00 | 55.00 | OK | |
| r-release-macos-x86_64 | 0.2.1 | 7.00 | 98.00 | 105.00 | OK | |
| r-release-windows-x86_64 | 0.2.1 | 9.00 | 116.00 | 125.00 | OK | |
| r-oldrel-macos-arm64 | 0.2.1 | 3.00 | 64.00 | 67.00 | NOTE | |
| r-oldrel-macos-x86_64 | 0.2.1 | 6.00 | 102.00 | 108.00 | NOTE | |
| r-oldrel-windows-x86_64 | 0.2.1 | 14.00 | 156.00 | 170.00 | NOTE |
Version: 0.2.1
Check: installed package size
Result: NOTE
installed size is 7.7Mb
sub-directories of 1Mb or more:
doc 6.6Mb
Flavors: r-oldrel-macos-arm64, r-oldrel-macos-x86_64, r-oldrel-windows-x86_64