Last updated on 2025-10-16 05:50:58 CEST.
Flavor | Version | Tinstall | Tcheck | Ttotal | Status | Flags |
---|---|---|---|---|---|---|
r-devel-linux-x86_64-fedora-clang | 0.1.0 | 43.63 | OK | |||
r-devel-linux-x86_64-fedora-gcc | 0.1.0 | 40.04 | OK | |||
r-release-macos-x86_64 | 0.1.0 | 46.00 | OK | |||
r-oldrel-macos-x86_64 | 0.1.0 | 48.00 | ERROR |
Version: 0.1.0
Check: dependencies in R code
Result: WARN
Missing or unexported object: ‘datasets::penguins’
Flavor: r-oldrel-macos-x86_64
Version: 0.1.0
Check: examples
Result: ERROR
Running examples in ‘clitable-Ex.R’ failed
The error most likely occurred in:
> ### Name: cli_table
> ### Title: generates a text table
> ### Aliases: cli_table
>
> ### ** Examples
>
> df <- head(datasets::penguins, 20)
Error: 'penguins' is not an exported object from 'namespace:datasets'
Execution halted
Flavor: r-oldrel-macos-x86_64
Version: 0.1.0
Check: tests
Result: ERROR
Running ‘testthat.R’ [1s/3s]
Running the tests in ‘tests/testthat.R’ failed.
Complete output:
> # This file is part of the standard setup for testthat.
> # It is recommended that you do not modify it.
> #
> # Where should you do additional test configuration?
> # Learn more about the roles of various files in:
> # * https://r-pkgs.org/testing-design.html#sec-tests-files-overview
> # * https://testthat.r-lib.org/articles/special-files.html
>
> library(testthat)
> suppressPackageStartupMessages(library(clitable))
>
> test_check("clitable")
<1b>[36m──<1b>[39m <1b>[1mclitable border styles<1b>[22m <1b>[36m──────────────────────────────────────────────────────<1b>[39m
── <1b>[1m<1b>[1mstyle: single <1b>[1m<1b>[22m ──
┌────────────┬───────────┬────────────┬───────────┬───────┐
│Sepal.Length│Sepal.Width│Petal.Length│Petal.Width│Species│
├────────────┼───────────┼────────────┼───────────┼───────┤
│ 5.1 │ 3.5 │ 1.4 │ 0.2 │ setosa│
│ 4.9 │ 3.0 │ 1.4 │ 0.2 │ setosa│
│ 4.7 │ 3.2 │ 1.3 │ 0.2 │ setosa│
│ 4.6 │ 3.1 │ 1.5 │ 0.2 │ setosa│
│ 5.0 │ 3.6 │ 1.4 │ 0.2 │ setosa│
│ 5.4 │ 3.9 │ 1.7 │ 0.4 │ setosa│
└────────────┴───────────┴────────────┴───────────┴───────┘
┌───┬───┬───┬───┬──────┐
│5.1│3.5│1.4│0.2│setosa│
│4.9│3.0│1.4│0.2│setosa│
│4.7│3.2│1.3│0.2│setosa│
│4.6│3.1│1.5│0.2│setosa│
│5.0│3.6│1.4│0.2│setosa│
│5.4│3.9│1.7│0.4│setosa│
└───┴───┴───┴───┴──────┘
── <1b>[1m<1b>[1mstyle: double <1b>[1m<1b>[22m ──
╔════════════╦═══════════╦════════════╦═══════════╦═══════╗
║Sepal.Length║Sepal.Width║Petal.Length║Petal.Width║Species║
╠════════════╬═══════════╬════════════╬═══════════╬═══════╣
║ 5.1 ║ 3.5 ║ 1.4 ║ 0.2 ║ setosa║
║ 4.9 ║ 3.0 ║ 1.4 ║ 0.2 ║ setosa║
║ 4.7 ║ 3.2 ║ 1.3 ║ 0.2 ║ setosa║
║ 4.6 ║ 3.1 ║ 1.5 ║ 0.2 ║ setosa║
║ 5.0 ║ 3.6 ║ 1.4 ║ 0.2 ║ setosa║
║ 5.4 ║ 3.9 ║ 1.7 ║ 0.4 ║ setosa║
╚════════════╩═══════════╩════════════╩═══════════╩═══════╝
╔═══╦═══╦═══╦═══╦══════╗
║5.1║3.5║1.4║0.2║setosa║
║4.9║3.0║1.4║0.2║setosa║
║4.7║3.2║1.3║0.2║setosa║
║4.6║3.1║1.5║0.2║setosa║
║5.0║3.6║1.4║0.2║setosa║
║5.4║3.9║1.7║0.4║setosa║
╚═══╩═══╩═══╩═══╩══════╝
── <1b>[1m<1b>[1mstyle: single-double <1b>[1m<1b>[22m ──
╓────────────╥───────────╥────────────╥───────────╥───────╖
║Sepal.Length║Sepal.Width║Petal.Length║Petal.Width║Species║
╟────────────╫───────────╫────────────╫───────────╫───────╢
║ 5.1 ║ 3.5 ║ 1.4 ║ 0.2 ║ setosa║
║ 4.9 ║ 3.0 ║ 1.4 ║ 0.2 ║ setosa║
║ 4.7 ║ 3.2 ║ 1.3 ║ 0.2 ║ setosa║
║ 4.6 ║ 3.1 ║ 1.5 ║ 0.2 ║ setosa║
║ 5.0 ║ 3.6 ║ 1.4 ║ 0.2 ║ setosa║
║ 5.4 ║ 3.9 ║ 1.7 ║ 0.4 ║ setosa║
╙────────────╨───────────╨────────────╨───────────╨───────╜
╓───╥───╥───╥───╥──────╖
║5.1║3.5║1.4║0.2║setosa║
║4.9║3.0║1.4║0.2║setosa║
║4.7║3.2║1.3║0.2║setosa║
║4.6║3.1║1.5║0.2║setosa║
║5.0║3.6║1.4║0.2║setosa║
║5.4║3.9║1.7║0.4║setosa║
╙───╨───╨───╨───╨──────╜
── <1b>[1m<1b>[1mstyle: double-single <1b>[1m<1b>[22m ──
╒════════════╤═══════════╤════════════╤═══════════╤═══════╕
│Sepal.Length│Sepal.Width│Petal.Length│Petal.Width│Species│
╞════════════╪═══════════╪════════════╪═══════════╪═══════╡
│ 5.1 │ 3.5 │ 1.4 │ 0.2 │ setosa│
│ 4.9 │ 3.0 │ 1.4 │ 0.2 │ setosa│
│ 4.7 │ 3.2 │ 1.3 │ 0.2 │ setosa│
│ 4.6 │ 3.1 │ 1.5 │ 0.2 │ setosa│
│ 5.0 │ 3.6 │ 1.4 │ 0.2 │ setosa│
│ 5.4 │ 3.9 │ 1.7 │ 0.4 │ setosa│
╘════════════╧═══════════╧════════════╧═══════════╧═══════╛
╒═══╤═══╤═══╤═══╤══════╕
│5.1│3.5│1.4│0.2│setosa│
│4.9│3.0│1.4│0.2│setosa│
│4.7│3.2│1.3│0.2│setosa│
│4.6│3.1│1.5│0.2│setosa│
│5.0│3.6│1.4│0.2│setosa│
│5.4│3.9│1.7│0.4│setosa│
╘═══╧═══╧═══╧═══╧══════╛
── <1b>[1m<1b>[1mstyle: classic <1b>[1m<1b>[22m ──
+------------+-----------+------------+-----------+-------+
|Sepal.Length|Sepal.Width|Petal.Length|Petal.Width|Species|
+------------+-----------+------------+-----------+-------+
| 5.1 | 3.5 | 1.4 | 0.2 | setosa|
| 4.9 | 3.0 | 1.4 | 0.2 | setosa|
| 4.7 | 3.2 | 1.3 | 0.2 | setosa|
| 4.6 | 3.1 | 1.5 | 0.2 | setosa|
| 5.0 | 3.6 | 1.4 | 0.2 | setosa|
| 5.4 | 3.9 | 1.7 | 0.4 | setosa|
+------------+-----------+------------+-----------+-------+
+---+---+---+---+------+
|5.1|3.5|1.4|0.2|setosa|
|4.9|3.0|1.4|0.2|setosa|
|4.7|3.2|1.3|0.2|setosa|
|4.6|3.1|1.5|0.2|setosa|
|5.0|3.6|1.4|0.2|setosa|
|5.4|3.9|1.7|0.4|setosa|
+---+---+---+---+------+
<1b>[36m──<1b>[39m <1b>[1mheatmap columns<1b>[22m <1b>[36m─────────────────────────────────────────────────────────────<1b>[39m
── <1b>[1m<1b>[1mdefault heatmap settings<1b>[1m<1b>[22m ──
┌────┬───┬─────┬───┬────┬─────┬─────┬──┬──┬────┬────┐
│ mpg│cyl│ disp│ hp│drat│ wt │ qsec│vs│am│gear│carb│
├────┼───┼─────┼───┼────┼─────┼─────┼──┼──┼────┼────┤
│ <1b>[41m21<1b>[49m │ 6 │160.0│<1b>[42m110<1b>[49m│3.90│2.620│16.46│ 0│ 1│ 4 │ <1b>[41m4<1b>[49m │
│ <1b>[41m21<1b>[49m │ 6 │160.0│<1b>[42m110<1b>[49m│3.90│2.875│17.02│ 0│ 1│ 4 │ <1b>[41m4<1b>[49m │
│<1b>[41m22.8<1b>[49m│ 4 │108.0│ <1b>[42m93<1b>[49m│3.85│2.320│18.61│ 1│ 1│ 4 │ <1b>[42m1<1b>[49m │
│<1b>[41m21.4<1b>[49m│ 6 │258.0│<1b>[42m110<1b>[49m│3.08│3.215│19.44│ 1│ 0│ 3 │ <1b>[42m1<1b>[49m │
│<1b>[42m18.7<1b>[49m│ 8 │360.0│<1b>[41m175<1b>[49m│3.15│3.440│17.02│ 0│ 0│ 3 │ <1b>[42m2<1b>[49m │
│<1b>[42m18.1<1b>[49m│ 6 │225.0│<1b>[42m105<1b>[49m│2.76│3.460│20.22│ 1│ 0│ 3 │ <1b>[42m1<1b>[49m │
│<1b>[42m14.3<1b>[49m│ 8 │360.0│<1b>[41m245<1b>[49m│3.21│3.570│15.84│ 0│ 0│ 3 │ <1b>[41m4<1b>[49m │
│<1b>[41m24.4<1b>[49m│ 4 │146.7│ <1b>[42m62<1b>[49m│3.69│3.190│20.00│ 1│ 0│ 4 │ <1b>[42m2<1b>[49m │
│<1b>[41m22.8<1b>[49m│ 4 │140.8│ <1b>[42m95<1b>[49m│3.92│3.150│22.90│ 1│ 0│ 4 │ <1b>[42m2<1b>[49m │
│<1b>[42m19.2<1b>[49m│ 6 │167.6│<1b>[42m123<1b>[49m│3.92│3.440│18.30│ 1│ 0│ 4 │ <1b>[41m4<1b>[49m │
└────┴───┴─────┴───┴────┴─────┴─────┴──┴──┴────┴────┘
── <1b>[1m<1b>[1mheatmap custom colors<1b>[1m<1b>[22m ──
┌────┬───┬─────┬───┬────┬─────┬─────┬──┬──┬────┬────┐
│ mpg│cyl│ disp│ hp│drat│ wt │ qsec│vs│am│gear│carb│
├────┼───┼─────┼───┼────┼─────┼─────┼──┼──┼────┼────┤
│ <1b>[43m21<1b>[49m │ 6 │160.0│<1b>[44m110<1b>[49m│3.90│2.620│16.46│ 0│ 1│ 4 │ <1b>[43m4<1b>[49m │
│ <1b>[43m21<1b>[49m │ 6 │160.0│<1b>[44m110<1b>[49m│3.90│2.875│17.02│ 0│ 1│ 4 │ <1b>[43m4<1b>[49m │
│<1b>[43m22.8<1b>[49m│ 4 │108.0│ <1b>[44m93<1b>[49m│3.85│2.320│18.61│ 1│ 1│ 4 │ <1b>[44m1<1b>[49m │
│<1b>[43m21.4<1b>[49m│ 6 │258.0│<1b>[44m110<1b>[49m│3.08│3.215│19.44│ 1│ 0│ 3 │ <1b>[44m1<1b>[49m │
│<1b>[44m18.7<1b>[49m│ 8 │360.0│<1b>[43m175<1b>[49m│3.15│3.440│17.02│ 0│ 0│ 3 │ <1b>[44m2<1b>[49m │
│<1b>[44m18.1<1b>[49m│ 6 │225.0│<1b>[44m105<1b>[49m│2.76│3.460│20.22│ 1│ 0│ 3 │ <1b>[44m1<1b>[49m │
│<1b>[44m14.3<1b>[49m│ 8 │360.0│<1b>[43m245<1b>[49m│3.21│3.570│15.84│ 0│ 0│ 3 │ <1b>[43m4<1b>[49m │
│<1b>[43m24.4<1b>[49m│ 4 │146.7│ <1b>[44m62<1b>[49m│3.69│3.190│20.00│ 1│ 0│ 4 │ <1b>[44m2<1b>[49m │
│<1b>[43m22.8<1b>[49m│ 4 │140.8│ <1b>[44m95<1b>[49m│3.92│3.150│22.90│ 1│ 0│ 4 │ <1b>[44m2<1b>[49m │
│<1b>[44m19.2<1b>[49m│ 6 │167.6│<1b>[44m123<1b>[49m│3.92│3.440│18.30│ 1│ 0│ 4 │ <1b>[43m4<1b>[49m │
└────┴───┴─────┴───┴────┴─────┴─────┴──┴──┴────┴────┘
── <1b>[1m<1b>[1mheatmap custom range<1b>[1m<1b>[22m ──
┌────┬───┬─────┬───┬────┬─────┬─────┬──┬──┬────┬────┐
│ mpg│cyl│ disp│ hp│drat│ wt │ qsec│vs│am│gear│carb│
├────┼───┼─────┼───┼────┼─────┼─────┼──┼──┼────┼────┤
│ <1b>[41m21<1b>[49m │ 6 │160.0│110│3.90│2.620│16.46│ 0│ 1│ 4 │ 4 │
│ <1b>[41m21<1b>[49m │ 6 │160.0│110│3.90│2.875│17.02│ 0│ 1│ 4 │ 4 │
│<1b>[41m22.8<1b>[49m│ 4 │108.0│ 93│3.85│2.320│18.61│ 1│ 1│ 4 │ 1 │
│<1b>[41m21.4<1b>[49m│ 6 │258.0│110│3.08│3.215│19.44│ 1│ 0│ 3 │ 1 │
│<1b>[42m18.7<1b>[49m│ 8 │360.0│175│3.15│3.440│17.02│ 0│ 0│ 3 │ 2 │
│<1b>[42m18.1<1b>[49m│ 6 │225.0│105│2.76│3.460│20.22│ 1│ 0│ 3 │ 1 │
│<1b>[42m14.3<1b>[49m│ 8 │360.0│245│3.21│3.570│15.84│ 0│ 0│ 3 │ 4 │
│<1b>[41m24.4<1b>[49m│ 4 │146.7│ 62│3.69│3.190│20.00│ 1│ 0│ 4 │ 2 │
│<1b>[41m22.8<1b>[49m│ 4 │140.8│ 95│3.92│3.150│22.90│ 1│ 0│ 4 │ 2 │
│<1b>[42m19.2<1b>[49m│ 6 │167.6│123│3.92│3.440│18.30│ 1│ 0│ 4 │ 4 │
└────┴───┴─────┴───┴────┴─────┴─────┴──┴──┴────┴────┘
<1b>[36m──<1b>[39m <1b>[1mhilite rows<1b>[22m <1b>[36m─────────────────────────────────────────────────────────────────<1b>[39m
┌────┬───┬─────┬───┬────┬─────┬─────┬──┬──┬────┬────┐
│ mpg│cyl│ disp│ hp│drat│ wt │ qsec│vs│am│gear│carb│
├────┼───┼─────┼───┼────┼─────┼─────┼──┼──┼────┼────┤
<1b>[41m│ 21 │ 6 │ 160 │110│ 3.9│ 2.62│16.46│ 0│ 1│ 4 │ 4 │<1b>[49m
│ 21 │ 6 │ 160 │110│ 3.9│2.875│17.02│ 0│ 1│ 4 │ 4 │
<1b>[41m│22.8│ 4 │ 108 │ 93│3.85│ 2.32│18.61│ 1│ 1│ 4 │ 1 │<1b>[49m
│21.4│ 6 │ 258 │110│3.08│3.215│19.44│ 1│ 0│ 3 │ 1 │
│18.7│ 8 │ 360 │175│3.15│ 3.44│17.02│ 0│ 0│ 3 │ 2 │
│18.1│ 6 │ 225 │105│2.76│ 3.46│20.22│ 1│ 0│ 3 │ 1 │
<1b>[41m│14.3│ 8 │ 360 │245│3.21│ 3.57│15.84│ 0│ 0│ 3 │ 4 │<1b>[49m
│24.4│ 4 │146.7│ 62│3.69│ 3.19│ 20 │ 1│ 0│ 4 │ 2 │
│22.8│ 4 │140.8│ 95│3.92│ 3.15│ 22.9│ 1│ 0│ 4 │ 2 │
│19.2│ 6 │167.6│123│3.92│ 3.44│ 18.3│ 1│ 0│ 4 │ 4 │
└────┴───┴─────┴───┴────┴─────┴─────┴──┴──┴────┴────┘
<1b>[36m──<1b>[39m <1b>[1mcombined<1b>[22m <1b>[36m────────────────────────────────────────────────────────────────────<1b>[39m
┌────┬───┬─────┬───┬────┬─────┬─────┬──┬──┬────┬────┐
│ mpg│cyl│ disp│ hp│drat│ wt │ qsec│vs│am│gear│carb│
├────┼───┼─────┼───┼────┼─────┼─────┼──┼──┼────┼────┤
│ <1b>[41m21<1b>[49m │ 6 │160.0│<1b>[42m110<1b>[49m│3.90│2.620│16.46│ 0│ 1│ 4 │ <1b>[41m4<1b>[49m │
│ <1b>[41m21<1b>[49m │ 6 │160.0│<1b>[42m110<1b>[49m│3.90│2.875│17.02│ 0│ 1│ 4 │ <1b>[41m4<1b>[49m │
│<1b>[41m22.8<1b>[49m│ 4 │108.0│ <1b>[42m93<1b>[49m│3.85│2.320│18.61│ 1│ 1│ 4 │ <1b>[42m1<1b>[49m │
│<1b>[41m21.4<1b>[49m│ 6 │258.0│<1b>[42m110<1b>[49m│3.08│3.215│19.44│ 1│ 0│ 3 │ <1b>[42m1<1b>[49m │
<1b>[33m│<1b>[42m18.7<1b>[49m│ 8 │360.0│<1b>[41m175<1b>[49m│3.15│3.440│17.02│ 0│ 0│ 3 │ <1b>[42m2<1b>[49m │<1b>[39m
│<1b>[42m18.1<1b>[49m│ 6 │225.0│<1b>[42m105<1b>[49m│2.76│3.460│20.22│ 1│ 0│ 3 │ <1b>[42m1<1b>[49m │
<1b>[33m│<1b>[42m14.3<1b>[49m│ 8 │360.0│<1b>[41m245<1b>[49m│3.21│3.570│15.84│ 0│ 0│ 3 │ <1b>[41m4<1b>[49m │<1b>[39m
│<1b>[41m24.4<1b>[49m│ 4 │146.7│ <1b>[42m62<1b>[49m│3.69│3.190│20.00│ 1│ 0│ 4 │ <1b>[42m2<1b>[49m │
│<1b>[41m22.8<1b>[49m│ 4 │140.8│ <1b>[42m95<1b>[49m│3.92│3.150│22.90│ 1│ 0│ 4 │ <1b>[42m2<1b>[49m │
│<1b>[42m19.2<1b>[49m│ 6 │167.6│<1b>[42m123<1b>[49m│3.92│3.440│18.30│ 1│ 0│ 4 │ <1b>[41m4<1b>[49m │
└────┴───┴─────┴───┴────┴─────┴─────┴──┴──┴────┴────┘
<1b>[36m──<1b>[39m <1b>[1mnot all numeric<1b>[22m <1b>[36m─────────────────────────────────────────────────────────────<1b>[39m
[ FAIL 3 | WARN 0 | SKIP 7 | PASS 35 ]
══ Skipped tests (7) ═══════════════════════════════════════════════════════════
• On CRAN (7): 'test-box.R:15:5', 'test-cli_table.R:17:5',
'test-cli_table.R:91:3', 'test-cli_table.R:187:3', 'test-heatmap.R:12:3',
'test-heatmap.R:33:3', 'test-heatmap.R:77:3'
══ Failed tests ════════════════════════════════════════════════════════════════
── Error ('test-cli_table.R:104:3'): to_character_matrix ───────────────────────
Error: 'penguins' is not an exported object from 'namespace:datasets'
Backtrace:
▆
1. └─utils::head(datasets::penguins) at test-cli_table.R:104:3
── Error ('test-cli_table.R:147:3'): column_widths ─────────────────────────────
Error: 'penguins' is not an exported object from 'namespace:datasets'
Backtrace:
▆
1. ├─base::as.matrix(head(datasets::penguins)) at test-cli_table.R:147:3
2. └─utils::head(datasets::penguins)
── Failure ('test-demo.R:5:3'): demo ───────────────────────────────────────────
Expected `demo()` to run without any errors.
<1b>[34mℹ<1b>[39m Actually got a <simpleError> with text:
'penguins' is not an exported object from 'namespace:datasets'
[ FAIL 3 | WARN 0 | SKIP 7 | PASS 35 ]
Error: Test failures
Execution halted
Flavor: r-oldrel-macos-x86_64