Last updated on 2025-11-16 04:48:29 CET.
| Flavor | Version | Tinstall | Tcheck | Ttotal | Status | Flags |
|---|---|---|---|---|---|---|
| r-devel-linux-x86_64-debian-clang | 1.0.4 | 2.31 | 140.50 | 142.81 | OK | |
| r-devel-linux-x86_64-debian-gcc | 1.0.4 | 1.80 | 97.79 | 99.59 | NOTE | |
| r-devel-linux-x86_64-fedora-clang | 1.0.4 | 213.52 | OK | |||
| r-devel-linux-x86_64-fedora-gcc | 1.0.4 | 224.03 | OK | |||
| r-devel-windows-x86_64 | 1.0.4 | 6.00 | 160.00 | 166.00 | OK | |
| r-patched-linux-x86_64 | 1.0.4 | 2.52 | 134.93 | 137.45 | OK | |
| r-release-linux-x86_64 | 1.0.4 | 2.18 | 133.85 | 136.03 | OK | |
| r-release-macos-arm64 | 1.0.4 | 1.00 | 135.00 | 136.00 | OK | |
| r-release-macos-x86_64 | 1.0.4 | 2.00 | 239.00 | 241.00 | OK | |
| r-release-windows-x86_64 | 1.0.4 | 3.00 | 160.00 | 163.00 | OK | |
| r-oldrel-macos-arm64 | 1.0.4 | 1.00 | 117.00 | 118.00 | OK | |
| r-oldrel-macos-x86_64 | 1.0.4 | 2.00 | 186.00 | 188.00 | OK | |
| r-oldrel-windows-x86_64 | 1.0.4 | 6.00 | 219.00 | 225.00 | OK |
Version: 1.0.4
Check: HTML version of manual
Result: NOTE
Found the following HTML validation problems:
clugenr.html:222:1 (angle_deltas.Rd:20): Warning: <script> anchor "MathJax-script" already defined
clugenr.html:282:1 (clucenters.Rd:20): Warning: <script> anchor "MathJax-script" already defined
clugenr.html:351:1 (clugen.Rd:147): Warning: <script> anchor "MathJax-script" already defined
clugenr.html:682:1 (clupoints_n.Rd:26): Warning: <script> anchor "MathJax-script" already defined
clugenr.html:759:1 (clupoints_n_1.Rd:26): Warning: <script> anchor "MathJax-script" already defined
clugenr.html:837:1 (clupoints_n_1_template.Rd:24): Warning: <script> anchor "MathJax-script" already defined
clugenr.html:912:1 (clusizes.Rd:20): Warning: <script> anchor "MathJax-script" already defined
clugenr.html:971:1 (fix_empty.Rd:20): Warning: <script> anchor "MathJax-script" already defined
clugenr.html:1029:1 (fix_num_points.Rd:19): Warning: <script> anchor "MathJax-script" already defined
clugenr.html:1103:1 (llengths.Rd:20): Warning: <script> anchor "MathJax-script" already defined
clugenr.html:1158:1 (points_on_line.Rd:22): Warning: <script> anchor "MathJax-script" already defined
clugenr.html:1313:1 (rand_vector_at_angle.Rd:19): Warning: <script> anchor "MathJax-script" already defined
Flavor: r-devel-linux-x86_64-debian-gcc