Last updated on 2024-08-25 05:49:17 CEST.
Flavor | Version | Tinstall | Tcheck | Ttotal | Status | Flags |
---|---|---|---|---|---|---|
r-devel-linux-x86_64-debian-clang | 1.0 | 6.24 | 50.54 | 56.78 | OK | |
r-devel-linux-x86_64-debian-gcc | 1.0 | 4.73 | 38.17 | 42.90 | OK | |
r-devel-linux-x86_64-fedora-clang | 1.0 | 93.87 | NOTE | |||
r-devel-linux-x86_64-fedora-gcc | 1.0 | 89.81 | NOTE | |||
r-devel-windows-x86_64 | 1.0 | 8.00 | 66.00 | 74.00 | OK | |
r-patched-linux-x86_64 | 1.0 | 5.93 | 48.19 | 54.12 | OK | |
r-release-linux-x86_64 | 1.0 | 6.07 | 48.14 | 54.21 | OK | |
r-release-macos-arm64 | 1.0 | 29.00 | OK | |||
r-release-macos-x86_64 | 1.0 | 50.00 | OK | |||
r-release-windows-x86_64 | 1.0 | 9.00 | 66.00 | 75.00 | OK | |
r-oldrel-macos-arm64 | 1.0 | 30.00 | OK | |||
r-oldrel-macos-x86_64 | 1.0 | 45.00 | OK | |||
r-oldrel-windows-x86_64 | 1.0 | 11.00 | 75.00 | 86.00 | OK |
Version: 1.0
Check: dependencies in R code
Result: NOTE
Namespace in Imports field not imported from: ‘stringi’
All declared Imports should be used.
Flavors: r-devel-linux-x86_64-fedora-clang, r-devel-linux-x86_64-fedora-gcc
Version: 1.0
Check: data for non-ASCII characters
Result: NOTE
Note: found 5626 marked UTF-8 strings
Flavors: r-devel-linux-x86_64-fedora-clang, r-devel-linux-x86_64-fedora-gcc