Last updated on 2025-02-22 04:51:08 CET.
Flavor | Version | Tinstall | Tcheck | Ttotal | Status | Flags |
---|---|---|---|---|---|---|
r-devel-linux-x86_64-debian-clang | 0.3-2.4 | 6.44 | 30.46 | 36.90 | NOTE | |
r-devel-linux-x86_64-debian-gcc | 0.3-2.4 | 4.63 | 22.16 | 26.79 | NOTE | |
r-devel-linux-x86_64-fedora-clang | 0.3-2.4 | 58.06 | NOTE | |||
r-devel-linux-x86_64-fedora-gcc | 0.3-2.4 | 57.39 | NOTE | |||
r-devel-macos-arm64 | 0.3-2.4 | 21.00 | OK | |||
r-devel-macos-x86_64 | 0.3-2.4 | 36.00 | OK | |||
r-devel-windows-x86_64 | 0.3-2.4 | 12.00 | 57.00 | 69.00 | NOTE | |
r-patched-linux-x86_64 | 0.3-2.4 | 6.36 | 28.94 | 35.30 | OK | |
r-release-linux-x86_64 | 0.3-2.4 | 6.10 | 28.57 | 34.67 | OK | |
r-release-macos-arm64 | 0.3-2.4 | 28.00 | OK | |||
r-release-macos-x86_64 | 0.3-2.4 | 33.00 | OK | |||
r-release-windows-x86_64 | 0.3-2.4 | 13.00 | 55.00 | 68.00 | OK | |
r-oldrel-macos-arm64 | 0.3-2.4 | 26.00 | OK | |||
r-oldrel-macos-x86_64 | 0.3-2.4 | 51.00 | OK | |||
r-oldrel-windows-x86_64 | 0.3-2.4 | 12.00 | 59.00 | 71.00 | OK |
Version: 0.3-2.4
Check: Rd cross-references
Result: NOTE
Found the following Rd file(s) with Rd \link{} targets missing package
anchors:
cluster_stability.Rd: agnes
Please provide package anchors for all Rd \link{} targets not in the
package itself and the base packages.
Flavors: r-devel-linux-x86_64-debian-clang, r-devel-linux-x86_64-debian-gcc, r-devel-windows-x86_64
Version: 0.3-2.4
Check: compiled code
Result: NOTE
File ‘clv/libs/clv.so’:
Found no calls to: ‘R_registerRoutines’, ‘R_useDynamicSymbols’
It is good practice to register native routines and to disable symbol
search.
See ‘Writing portable packages’ in the ‘Writing R Extensions’ manual.
Flavors: r-devel-linux-x86_64-fedora-clang, r-devel-linux-x86_64-fedora-gcc