Last updated on 2025-10-25 05:49:58 CEST.
| Flavor | Version | Tinstall | Tcheck | Ttotal | Status | Flags |
|---|---|---|---|---|---|---|
| r-devel-linux-x86_64-debian-clang | 2.2-12 | 9.56 | 57.17 | 66.73 | NOTE | |
| r-devel-linux-x86_64-debian-gcc | 2.2-12 | 6.58 | 44.17 | 50.75 | NOTE | |
| r-devel-linux-x86_64-fedora-clang | 2.2-12 | 12.00 | 61.27 | 73.27 | NOTE | |
| r-devel-linux-x86_64-fedora-gcc | 2.2-12 | 19.00 | 77.27 | 96.27 | NOTE | |
| r-devel-windows-x86_64 | 2.2-12 | 12.00 | 68.00 | 80.00 | OK | |
| r-patched-linux-x86_64 | 2.2-12 | 8.08 | 54.99 | 63.07 | OK | |
| r-release-linux-x86_64 | 2.2-12 | 8.05 | 55.31 | 63.36 | OK | |
| r-release-macos-arm64 | 2.2-12 | 6.00 | 28.00 | 34.00 | OK | |
| r-release-macos-x86_64 | 2.2-12 | 10.00 | 49.00 | 59.00 | OK | |
| r-release-windows-x86_64 | 2.2-12 | 12.00 | 70.00 | 82.00 | OK | |
| r-oldrel-macos-arm64 | 2.2-12 | 7.00 | 28.00 | 35.00 | OK | |
| r-oldrel-macos-x86_64 | 2.2-12 | 7.00 | 40.00 | 47.00 | OK | |
| r-oldrel-windows-x86_64 | 2.2-12 | 17.00 | 84.00 | 101.00 | OK |
Version: 2.2-12
Check: CRAN incoming feasibility
Result: NOTE
Maintainer: ‘Bob Gray <gray@jimmy.harvard.edu>’
No Authors@R field in DESCRIPTION.
Please add one, modifying
Authors@R: person(given = "Bob",
family = "Gray",
role = c("aut", "cre"),
email = "gray@jimmy.harvard.edu")
as necessary.
Flavors: r-devel-linux-x86_64-debian-clang, r-devel-linux-x86_64-debian-gcc
Version: 2.2-12
Check: compiled code
Result: NOTE
File ‘cmprsk/libs/cmprsk.so’:
Found no calls to: ‘R_registerRoutines’, ‘R_useDynamicSymbols’
It is good practice to register native routines and to disable symbol
search.
See ‘Writing portable packages’ in the ‘Writing R Extensions’ manual.
Flavors: r-devel-linux-x86_64-fedora-clang, r-devel-linux-x86_64-fedora-gcc