Last updated on 2025-02-21 04:51:43 CET.
Flavor | Version | Tinstall | Tcheck | Ttotal | Status | Flags |
---|---|---|---|---|---|---|
r-devel-linux-x86_64-debian-clang | 3.5.2 | 2.21 | 21.07 | 23.28 | OK | |
r-devel-linux-x86_64-debian-gcc | 3.5.2 | 1.61 | 17.54 | 19.15 | OK | |
r-devel-linux-x86_64-fedora-clang | 3.5.2 | 37.22 | NOTE | |||
r-devel-linux-x86_64-fedora-gcc | 3.5.2 | 36.31 | NOTE | |||
r-devel-macos-arm64 | 3.5.2 | 17.00 | OK | |||
r-devel-macos-x86_64 | 3.5.2 | 27.00 | OK | |||
r-devel-windows-x86_64 | 3.5.2 | 6.00 | 50.00 | 56.00 | OK | |
r-patched-linux-x86_64 | 3.5.2 | 2.13 | 20.13 | 22.26 | OK | |
r-release-linux-x86_64 | 3.5.2 | 2.23 | 20.02 | 22.25 | OK | |
r-release-macos-arm64 | 3.5.2 | 17.00 | OK | |||
r-release-macos-x86_64 | 3.5.2 | 26.00 | OK | |||
r-release-windows-x86_64 | 3.5.2 | 6.00 | 48.00 | 54.00 | OK | |
r-oldrel-macos-arm64 | 3.5.2 | 22.00 | OK | |||
r-oldrel-macos-x86_64 | 3.5.2 | 29.00 | OK | |||
r-oldrel-windows-x86_64 | 3.5.2 | 6.00 | 52.00 | 58.00 | OK |
Version: 3.5.2
Check: dependencies in R code
Result: NOTE
Namespaces in Imports field not imported from:
‘FNN’ ‘R.utils’ ‘SearchTrees’ ‘colorspace’ ‘colourpicker’
‘data.table’ ‘maps’ ‘ncdf4’ ‘raster’ ‘shinyFiles’ ‘shinyWidgets’
‘shinyjs’ ‘shinythemes’ ‘tcltk’ ‘xml2’
All declared Imports should be used.
Flavors: r-devel-linux-x86_64-fedora-clang, r-devel-linux-x86_64-fedora-gcc