Last updated on 2025-10-26 04:48:29 CET.
| Flavor | Version | Tinstall | Tcheck | Ttotal | Status | Flags |
|---|---|---|---|---|---|---|
| r-devel-linux-x86_64-debian-clang | 1.1-4 | 4.19 | 33.44 | 37.63 | OK | |
| r-devel-linux-x86_64-debian-gcc | 1.1-4 | 2.79 | 26.38 | 29.17 | OK | |
| r-devel-linux-x86_64-fedora-clang | 1.1-4 | 40.43 | OK | |||
| r-devel-linux-x86_64-fedora-gcc | 1.1-4 | 54.53 | OK | |||
| r-devel-windows-x86_64 | 1.1-4 | 5.00 | 50.00 | 55.00 | OK | |
| r-patched-linux-x86_64 | 1.1-4 | 3.94 | 32.32 | 36.26 | OK | |
| r-release-linux-x86_64 | 1.1-4 | 4.03 | 32.33 | 36.36 | OK | |
| r-release-macos-arm64 | 1.1-4 | 2.00 | 24.00 | 26.00 | OK | |
| r-release-macos-x86_64 | 1.1-4 | 4.00 | 35.00 | 39.00 | OK | |
| r-release-windows-x86_64 | 1.1-4 | 6.00 | 52.00 | 58.00 | OK | |
| r-oldrel-macos-arm64 | 1.1-4 | 2.00 | 26.00 | 28.00 | NOTE | |
| r-oldrel-macos-x86_64 | 1.1-4 | 3.00 | 27.00 | 30.00 | NOTE | |
| r-oldrel-windows-x86_64 | 1.1-4 | 8.00 | 59.00 | 67.00 | NOTE |
Version: 1.1-4
Check: package dependencies
Result: NOTE
Package which this enhances but not available for checking: ‘rkward’
Flavors: r-oldrel-macos-arm64, r-oldrel-macos-x86_64, r-oldrel-windows-x86_64