Last updated on 2025-11-16 04:48:29 CET.
| Flavor | Version | Tinstall | Tcheck | Ttotal | Status | Flags |
|---|---|---|---|---|---|---|
| r-devel-linux-x86_64-debian-clang | 0.9.3 | 8.10 | 91.73 | 99.83 | NOTE | |
| r-devel-linux-x86_64-debian-gcc | 0.9.3 | 5.96 | 65.34 | 71.30 | NOTE | |
| r-devel-linux-x86_64-fedora-clang | 0.9.3 | 62.00 | 106.08 | 168.08 | NOTE | |
| r-devel-linux-x86_64-fedora-gcc | 0.9.3 | 19.00 | 127.95 | 146.95 | NOTE | |
| r-devel-windows-x86_64 | 0.9.3 | 14.00 | 101.00 | 115.00 | NOTE | |
| r-patched-linux-x86_64 | 0.9.3 | 8.85 | 85.97 | 94.82 | NOTE | |
| r-release-linux-x86_64 | 0.9.3 | 9.36 | 86.56 | 95.92 | NOTE | |
| r-release-macos-arm64 | 0.9.3 | 4.00 | 35.00 | 39.00 | NOTE | |
| r-release-macos-x86_64 | 0.9.3 | 7.00 | 70.00 | 77.00 | NOTE | |
| r-release-windows-x86_64 | 0.9.3 | 12.00 | 100.00 | 112.00 | NOTE | |
| r-oldrel-macos-arm64 | 0.9.3 | 4.00 | 33.00 | 37.00 | NOTE | |
| r-oldrel-macos-x86_64 | 0.9.3 | 5.00 | 51.00 | 56.00 | NOTE | |
| r-oldrel-windows-x86_64 | 0.9.3 | 15.00 | 125.00 | 140.00 | NOTE |
Version: 0.9.3
Check: package subdirectories
Result: NOTE
Problems with news in ‘NEWS.md’:
No news entries found.
Flavors: r-devel-linux-x86_64-debian-clang, r-devel-linux-x86_64-debian-gcc, r-devel-linux-x86_64-fedora-clang, r-devel-linux-x86_64-fedora-gcc, r-devel-windows-x86_64, r-patched-linux-x86_64, r-release-linux-x86_64, r-release-macos-arm64, r-release-macos-x86_64, r-release-windows-x86_64, r-oldrel-macos-arm64, r-oldrel-macos-x86_64, r-oldrel-windows-x86_64