Last updated on 2025-02-22 04:51:08 CET.
Flavor | Version | Tinstall | Tcheck | Ttotal | Status | Flags |
---|---|---|---|---|---|---|
r-devel-linux-x86_64-debian-clang | 0.1.9 | 4.46 | 65.06 | 69.52 | OK | |
r-devel-linux-x86_64-debian-gcc | 0.1.9 | 3.52 | 47.01 | 50.53 | OK | |
r-devel-linux-x86_64-fedora-clang | 0.1.9 | 102.47 | OK | |||
r-devel-linux-x86_64-fedora-gcc | 0.1.9 | 112.62 | OK | |||
r-devel-macos-arm64 | 0.1.9 | 37.00 | OK | |||
r-devel-macos-x86_64 | 0.1.9 | 68.00 | OK | |||
r-devel-windows-x86_64 | 0.1.9 | 8.00 | 72.00 | 80.00 | OK | |
r-patched-linux-x86_64 | 0.1.9 | 5.00 | 60.26 | 65.26 | OK | |
r-release-linux-x86_64 | 0.1.9 | 5.01 | 61.32 | 66.33 | OK | |
r-release-macos-arm64 | 0.1.9 | 36.00 | NOTE | |||
r-release-macos-x86_64 | 0.1.9 | 53.00 | NOTE | |||
r-release-windows-x86_64 | 0.1.9 | 8.00 | 71.00 | 79.00 | NOTE | |
r-oldrel-macos-arm64 | 0.1.9 | 43.00 | NOTE | |||
r-oldrel-macos-x86_64 | 0.1.9 | 57.00 | NOTE | |||
r-oldrel-windows-x86_64 | 0.1.9 | 9.00 | 82.00 | 91.00 | NOTE |
Version: 0.1.9
Check: installed package size
Result: NOTE
installed size is 5.1Mb
sub-directories of 1Mb or more:
doc 4.8Mb
Flavors: r-release-macos-arm64, r-release-macos-x86_64, r-release-windows-x86_64, r-oldrel-macos-arm64, r-oldrel-macos-x86_64, r-oldrel-windows-x86_64