Last updated on 2025-02-20 04:51:08 CET.
Flavor | Version | Tinstall | Tcheck | Ttotal | Status | Flags |
---|---|---|---|---|---|---|
r-devel-linux-x86_64-debian-clang | 1.1.2 | 3.93 | 37.02 | 40.95 | NOTE | |
r-devel-linux-x86_64-debian-gcc | 1.1.2 | 3.12 | 26.29 | 29.41 | NOTE | |
r-devel-linux-x86_64-fedora-clang | 1.1.2 | 65.86 | OK | |||
r-devel-linux-x86_64-fedora-gcc | 1.1.2 | 62.72 | OK | |||
r-devel-macos-arm64 | 1.1.2 | 22.00 | OK | |||
r-devel-macos-x86_64 | 1.1.2 | 42.00 | OK | |||
r-devel-windows-x86_64 | 1.1.2 | 4.00 | 61.00 | 65.00 | NOTE | |
r-patched-linux-x86_64 | 1.1.2 | 5.08 | 35.07 | 40.15 | OK | |
r-release-linux-x86_64 | 1.1.2 | 4.11 | 35.69 | 39.80 | OK | |
r-release-macos-arm64 | 1.1.2 | 25.00 | OK | |||
r-release-macos-x86_64 | 1.1.2 | 37.00 | OK | |||
r-release-windows-x86_64 | 1.1.2 | 5.00 | 3.00 | 8.00 | FAIL | |
r-oldrel-macos-arm64 | 1.1.2 | 27.00 | OK | |||
r-oldrel-macos-x86_64 | 1.1.2 | 62.00 | OK | |||
r-oldrel-windows-x86_64 | 1.1.2 | 5.00 | 65.00 | 70.00 | OK |
Version: 1.1.2
Check: Rd cross-references
Result: NOTE
Found the following Rd file(s) with Rd \link{} targets missing package
anchors:
rlm.Rd: lqs
Please provide package anchors for all Rd \link{} targets not in the
package itself and the base packages.
Flavors: r-devel-linux-x86_64-debian-clang, r-devel-linux-x86_64-debian-gcc, r-devel-windows-x86_64
Version: 1.1.2
Check: package dependencies
Result: FAIL
Flavor: r-release-windows-x86_64