Last updated on 2025-10-25 05:49:58 CEST.
| Flavor | Version | Tinstall | Tcheck | Ttotal | Status | Flags |
|---|---|---|---|---|---|---|
| r-devel-linux-x86_64-debian-clang | 0.1.0 | 1.58 | 20.88 | 22.46 | NOTE | |
| r-devel-linux-x86_64-debian-gcc | 0.1.0 | 1.34 | 18.14 | 19.48 | NOTE | |
| r-devel-linux-x86_64-fedora-clang | 0.1.0 | 25.14 | OK | |||
| r-devel-linux-x86_64-fedora-gcc | 0.1.0 | 29.68 | OK | |||
| r-devel-windows-x86_64 | 0.1.0 | 2.00 | 36.00 | 38.00 | OK | |
| r-patched-linux-x86_64 | 0.1.0 | 1.63 | 18.55 | 20.18 | OK | |
| r-release-linux-x86_64 | 0.1.0 | 1.56 | 18.80 | 20.36 | OK | |
| r-release-macos-arm64 | 0.1.0 | 1.00 | 14.00 | 15.00 | OK | |
| r-release-macos-x86_64 | 0.1.0 | 1.00 | 22.00 | 23.00 | OK | |
| r-release-windows-x86_64 | 0.1.0 | 2.00 | 40.00 | 42.00 | OK | |
| r-oldrel-macos-arm64 | 0.1.0 | 1.00 | 18.00 | 19.00 | NOTE | |
| r-oldrel-macos-x86_64 | 0.1.0 | 2.00 | 22.00 | 24.00 | NOTE | |
| r-oldrel-windows-x86_64 | 0.1.0 | 4.00 | 45.00 | 49.00 | NOTE |
Version: 0.1.0
Check: CRAN incoming feasibility
Result: NOTE
Maintainer: ‘Mark Baas <mark.baas@gmail.com>’
No Authors@R field in DESCRIPTION.
Please add one, modifying
Authors@R: person(given = "Mark",
family = "Baas",
role = c("aut", "cre"),
email = "mark.baas@gmail.com")
as necessary.
Flavors: r-devel-linux-x86_64-debian-clang, r-devel-linux-x86_64-debian-gcc
Version: 0.1.0
Check: LazyData
Result: NOTE
'LazyData' is specified without a 'data' directory
Flavors: r-oldrel-macos-arm64, r-oldrel-macos-x86_64, r-oldrel-windows-x86_64