Last updated on 2025-10-25 05:49:58 CEST.
| Flavor | Version | Tinstall | Tcheck | Ttotal | Status | Flags |
|---|---|---|---|---|---|---|
| r-devel-linux-x86_64-debian-clang | 0.2.0 | 1.97 | 28.04 | 30.01 | NOTE | |
| r-devel-linux-x86_64-debian-gcc | 0.2.0 | 1.53 | 22.72 | 24.25 | NOTE | |
| r-devel-linux-x86_64-fedora-clang | 0.2.0 | 35.31 | OK | |||
| r-devel-linux-x86_64-fedora-gcc | 0.2.0 | 58.27 | OK | |||
| r-devel-windows-x86_64 | 0.2.0 | 4.00 | 46.00 | 50.00 | OK | |
| r-patched-linux-x86_64 | 0.2.0 | 1.70 | 27.85 | 29.55 | OK | |
| r-release-linux-x86_64 | 0.2.0 | 1.76 | 27.82 | 29.58 | OK | |
| r-release-macos-arm64 | 0.2.0 | 1.00 | 24.00 | 25.00 | OK | |
| r-release-macos-x86_64 | 0.2.0 | 3.00 | 44.00 | 47.00 | OK | |
| r-release-windows-x86_64 | 0.2.0 | 3.00 | 51.00 | 54.00 | OK | |
| r-oldrel-macos-arm64 | 0.2.0 | 1.00 | 28.00 | 29.00 | OK | |
| r-oldrel-macos-x86_64 | 0.2.0 | 2.00 | 35.00 | 37.00 | OK | |
| r-oldrel-windows-x86_64 | 0.2.0 | 6.00 | 56.00 | 62.00 | OK |
Version: 0.2.0
Check: CRAN incoming feasibility
Result: NOTE
Maintainer: ‘David Clement <dyc24@cornell.edu>’
No Authors@R field in DESCRIPTION.
Please add one, modifying
Authors@R: person(given = "David",
family = "Clement",
role = c("aut", "cre"),
email = "dyc24@cornell.edu")
as necessary.
Flavors: r-devel-linux-x86_64-debian-clang, r-devel-linux-x86_64-debian-gcc