Last updated on 2025-02-21 04:51:43 CET.
Flavor | Version | Tinstall | Tcheck | Ttotal | Status | Flags |
---|---|---|---|---|---|---|
r-devel-linux-x86_64-debian-clang | 0.0.2 | 6.17 | 62.66 | 68.83 | NOTE | |
r-devel-linux-x86_64-debian-gcc | 0.0.2 | 5.42 | 46.92 | 52.34 | NOTE | |
r-devel-linux-x86_64-fedora-clang | 0.0.2 | 110.27 | NOTE | |||
r-devel-linux-x86_64-fedora-gcc | 0.0.2 | 117.69 | NOTE | |||
r-devel-macos-arm64 | 0.0.2 | 48.00 | NOTE | |||
r-devel-macos-x86_64 | 0.0.2 | 86.00 | NOTE | |||
r-devel-windows-x86_64 | 0.0.2 | 8.00 | 82.00 | 90.00 | NOTE | |
r-patched-linux-x86_64 | 0.0.2 | 5.78 | 58.85 | 64.63 | NOTE | |
r-release-linux-x86_64 | 0.0.2 | 6.27 | 58.86 | 65.13 | NOTE | |
r-release-macos-arm64 | 0.0.2 | 41.00 | NOTE | |||
r-release-macos-x86_64 | 0.0.2 | 68.00 | NOTE | |||
r-release-windows-x86_64 | 0.0.2 | 8.00 | 78.00 | 86.00 | NOTE | |
r-oldrel-macos-arm64 | 0.0.2 | 43.00 | NOTE | |||
r-oldrel-macos-x86_64 | 0.0.2 | 67.00 | NOTE | |||
r-oldrel-windows-x86_64 | 0.0.2 | 10.00 | 82.00 | 92.00 | NOTE |
Version: 0.0.2
Check: package subdirectories
Result: NOTE
Problems with news in ‘NEWS.md’:
No news entries found.
Flavors: r-devel-linux-x86_64-debian-clang, r-devel-linux-x86_64-debian-gcc, r-devel-linux-x86_64-fedora-clang, r-devel-linux-x86_64-fedora-gcc, r-devel-macos-arm64, r-devel-macos-x86_64, r-devel-windows-x86_64, r-patched-linux-x86_64, r-release-linux-x86_64, r-release-macos-arm64, r-release-macos-x86_64, r-release-windows-x86_64, r-oldrel-macos-arm64, r-oldrel-macos-x86_64, r-oldrel-windows-x86_64
Version: 0.0.2
Check: LazyData
Result: NOTE
'LazyData' is specified without a 'data' directory
Flavors: r-patched-linux-x86_64, r-release-linux-x86_64, r-release-macos-arm64, r-release-macos-x86_64, r-release-windows-x86_64, r-oldrel-macos-arm64, r-oldrel-macos-x86_64, r-oldrel-windows-x86_64