Last updated on 2024-08-25 05:49:17 CEST.
Flavor | Version | Tinstall | Tcheck | Ttotal | Status | Flags |
---|---|---|---|---|---|---|
r-devel-linux-x86_64-debian-clang | 0.2.1 | 4.75 | 39.91 | 44.66 | OK | |
r-devel-linux-x86_64-debian-gcc | 0.2.1 | 3.38 | 30.22 | 33.60 | OK | |
r-devel-linux-x86_64-fedora-clang | 0.2.1 | 73.47 | NOTE | |||
r-devel-linux-x86_64-fedora-gcc | 0.2.1 | 82.32 | OK | |||
r-devel-windows-x86_64 | 0.2.1 | 8.00 | 66.00 | 74.00 | OK | |
r-patched-linux-x86_64 | 0.2.1 | 4.04 | 38.26 | 42.30 | OK | |
r-release-linux-x86_64 | 0.2.1 | 4.27 | 38.24 | 42.51 | OK | |
r-release-macos-arm64 | 0.2.1 | 31.00 | OK | |||
r-release-macos-x86_64 | 0.2.1 | 48.00 | OK | |||
r-release-windows-x86_64 | 0.2.1 | 7.00 | 66.00 | 73.00 | OK | |
r-oldrel-macos-arm64 | 0.2.1 | 30.00 | OK | |||
r-oldrel-macos-x86_64 | 0.2.1 | 87.00 | OK | |||
r-oldrel-windows-x86_64 | 0.2.1 | 8.00 | 71.00 | 79.00 | OK |
Version: 0.2.1
Check: installed package size
Result: NOTE
installed size is 5.0Mb
sub-directories of 1Mb or more:
htmlwidgets 3.9Mb
Flavor: r-devel-linux-x86_64-fedora-clang