Last updated on 2025-11-16 04:48:30 CET.
| Flavor | Version | Tinstall | Tcheck | Ttotal | Status | Flags |
|---|---|---|---|---|---|---|
| r-devel-linux-x86_64-debian-clang | 1.5.2 | 162.25 | 225.59 | 387.84 | OK | |
| r-devel-linux-x86_64-debian-gcc | 1.5.2 | 102.48 | 159.68 | 262.16 | OK | |
| r-devel-windows-x86_64 | 1.5.2 | 192.00 | 220.00 | 412.00 | OK | |
| r-patched-linux-x86_64 | 1.5.2 | 151.66 | 210.68 | 362.34 | OK | |
| r-release-linux-x86_64 | 1.5.2 | 144.93 | 208.69 | 353.62 | OK | |
| r-release-macos-arm64 | 1.5.2 | 56.00 | 93.00 | 149.00 | OK | |
| r-release-macos-x86_64 | 1.5.2 | 57.00 | 164.00 | 221.00 | OK | |
| r-release-windows-x86_64 | 1.5.2 | 171.00 | 219.00 | 390.00 | OK | |
| r-oldrel-macos-arm64 | 1.5.2 | 63.00 | 87.00 | 150.00 | NOTE | |
| r-oldrel-macos-x86_64 | 1.5.2 | 50.00 | 125.00 | 175.00 | NOTE | |
| r-oldrel-windows-x86_64 | 1.5.2 | 222.00 | 291.00 | 513.00 | NOTE |
Version: 1.5.2
Check: package dependencies
Result: NOTE
Packages suggested but not available for checking:
'conosPanel', 'org.Mm.eg.db', 'p2data'
Flavor: r-oldrel-macos-arm64
Version: 1.5.2
Check: installed package size
Result: NOTE
installed size is 11.2Mb
sub-directories of 1Mb or more:
libs 9.4Mb
Flavors: r-oldrel-macos-arm64, r-oldrel-macos-x86_64
Version: 1.5.2
Check: package dependencies
Result: NOTE
Packages suggested but not available for checking: 'conosPanel', 'p2data'
Flavors: r-oldrel-macos-x86_64, r-oldrel-windows-x86_64