Last updated on 2025-02-20 04:51:08 CET.
Flavor | Version | Tinstall | Tcheck | Ttotal | Status | Flags |
---|---|---|---|---|---|---|
r-devel-linux-x86_64-debian-clang | 1.1.1 | 1.59 | 17.95 | 19.54 | OK | |
r-devel-linux-x86_64-debian-gcc | 1.1.1 | 1.26 | 14.30 | 15.56 | OK | |
r-devel-linux-x86_64-fedora-clang | 1.1.1 | 31.30 | OK | |||
r-devel-linux-x86_64-fedora-gcc | 1.1.1 | 30.26 | OK | |||
r-devel-macos-arm64 | 1.1.1 | 15.00 | OK | |||
r-devel-macos-x86_64 | 1.1.1 | 24.00 | OK | |||
r-devel-windows-x86_64 | 1.1.1 | 2.00 | 47.00 | 49.00 | OK | |
r-patched-linux-x86_64 | 1.1.1 | 1.65 | 16.86 | 18.51 | OK | |
r-release-linux-x86_64 | 1.1.1 | 1.54 | 16.96 | 18.50 | OK | |
r-release-macos-arm64 | 1.1.1 | 19.00 | OK | |||
r-release-macos-x86_64 | 1.1.1 | 23.00 | OK | |||
r-release-windows-x86_64 | 1.1.1 | 2.00 | 3.00 | 5.00 | FAIL | |
r-oldrel-macos-arm64 | 1.1.1 | 14.00 | OK | |||
r-oldrel-macos-x86_64 | 1.1.1 | 21.00 | OK | |||
r-oldrel-windows-x86_64 | 1.1.1 | 2.00 | 38.00 | 40.00 | OK |
Version: 1.1.1
Check: package dependencies
Result: FAIL
Flavor: r-release-windows-x86_64