Last updated on 2025-02-21 04:51:43 CET.
Flavor | Version | Tinstall | Tcheck | Ttotal | Status | Flags |
---|---|---|---|---|---|---|
r-devel-linux-x86_64-debian-clang | 0.2.5 | 5.04 | 42.31 | 47.35 | OK | |
r-devel-linux-x86_64-debian-gcc | 0.2.5 | 3.63 | 29.34 | 32.97 | OK | |
r-devel-linux-x86_64-fedora-clang | 0.2.5 | 80.52 | OK | |||
r-devel-linux-x86_64-fedora-gcc | 0.2.5 | 71.75 | OK | |||
r-devel-macos-arm64 | 0.2.5 | 25.00 | OK | |||
r-devel-macos-x86_64 | 0.2.5 | 48.00 | OK | |||
r-devel-windows-x86_64 | 0.2.5 | 6.00 | 75.00 | 81.00 | OK | |
r-patched-linux-x86_64 | 0.2.5 | 4.29 | 39.81 | 44.10 | NOTE | |
r-release-linux-x86_64 | 0.2.5 | 4.47 | 39.72 | 44.19 | NOTE | |
r-release-macos-arm64 | 0.2.5 | 24.00 | NOTE | |||
r-release-macos-x86_64 | 0.2.5 | 41.00 | NOTE | |||
r-release-windows-x86_64 | 0.2.5 | 6.00 | 70.00 | 76.00 | NOTE | |
r-oldrel-macos-arm64 | 0.2.5 | 27.00 | NOTE | |||
r-oldrel-macos-x86_64 | 0.2.5 | 38.00 | NOTE | |||
r-oldrel-windows-x86_64 | 0.2.5 | 6.00 | 76.00 | 82.00 | NOTE |
Version: 0.2.5
Check: LazyData
Result: NOTE
'LazyData' is specified without a 'data' directory
Flavors: r-patched-linux-x86_64, r-release-linux-x86_64, r-release-macos-arm64, r-release-macos-x86_64, r-release-windows-x86_64, r-oldrel-macos-arm64, r-oldrel-macos-x86_64, r-oldrel-windows-x86_64