Last updated on 2025-10-25 05:49:58 CEST.
| Flavor | Version | Tinstall | Tcheck | Ttotal | Status | Flags |
|---|---|---|---|---|---|---|
| r-devel-linux-x86_64-debian-clang | 1.4.2 | 33.20 | 154.33 | 187.53 | OK | |
| r-devel-linux-x86_64-debian-gcc | 1.4.2 | 22.66 | 108.96 | 131.62 | OK | |
| r-devel-linux-x86_64-fedora-clang | 1.4.2 | 49.00 | 176.84 | 225.84 | OK | |
| r-devel-linux-x86_64-fedora-gcc | 1.4.2 | 74.00 | 212.16 | 286.16 | OK | |
| r-devel-windows-x86_64 | 1.4.2 | 41.00 | 182.00 | 223.00 | OK | |
| r-patched-linux-x86_64 | 1.4.2 | 33.57 | 142.31 | 175.88 | OK | |
| r-release-linux-x86_64 | 1.4.2 | 34.21 | 146.08 | 180.29 | OK | |
| r-release-macos-arm64 | 1.4.2 | 22.00 | 176.00 | 198.00 | OK | |
| r-release-macos-x86_64 | 1.4.2 | 25.00 | 134.00 | 159.00 | OK | |
| r-release-windows-x86_64 | 1.4.2 | 41.00 | 185.00 | 226.00 | OK | |
| r-oldrel-macos-arm64 | 1.4.2 | 13.00 | 68.00 | 81.00 | NOTE | |
| r-oldrel-macos-x86_64 | 1.4.2 | 24.00 | 124.00 | 148.00 | NOTE | |
| r-oldrel-windows-x86_64 | 1.4.2 | 49.00 | 233.00 | 282.00 | NOTE |
Version: 1.4.2
Check: installed package size
Result: NOTE
installed size is 6.2Mb
sub-directories of 1Mb or more:
data 3.5Mb
libs 2.1Mb
Flavors: r-oldrel-macos-arm64, r-oldrel-macos-x86_64, r-oldrel-windows-x86_64