Last updated on 2024-08-25 05:49:17 CEST.
Flavor | Version | Tinstall | Tcheck | Ttotal | Status | Flags |
---|---|---|---|---|---|---|
r-devel-linux-x86_64-debian-clang | 1.0.7 | 10.08 | 85.87 | 95.95 | OK | |
r-devel-linux-x86_64-debian-gcc | 1.0.7 | 7.69 | 61.35 | 69.04 | OK | |
r-devel-linux-x86_64-fedora-clang | 1.0.7 | 155.83 | NOTE | |||
r-devel-linux-x86_64-fedora-gcc | 1.0.7 | 148.39 | NOTE | |||
r-devel-windows-x86_64 | 1.0.7 | 12.00 | 93.00 | 105.00 | OK | |
r-patched-linux-x86_64 | 1.0.7 | 9.19 | 82.27 | 91.46 | OK | |
r-release-linux-x86_64 | 1.0.7 | 10.63 | 82.76 | 93.39 | OK | |
r-release-macos-arm64 | 1.0.7 | 45.00 | OK | |||
r-release-macos-x86_64 | 1.0.7 | 72.00 | OK | |||
r-release-windows-x86_64 | 1.0.7 | 12.00 | 96.00 | 108.00 | OK | |
r-oldrel-macos-arm64 | 1.0.7 | 52.00 | OK | |||
r-oldrel-macos-x86_64 | 1.0.7 | 65.00 | OK | |||
r-oldrel-windows-x86_64 | 1.0.7 | 15.00 | 119.00 | 134.00 | OK |
Version: 1.0.7
Check: dependencies in R code
Result: NOTE
Namespace in Imports field not imported from: ‘graphics’
All declared Imports should be used.
Flavors: r-devel-linux-x86_64-fedora-clang, r-devel-linux-x86_64-fedora-gcc