Last updated on 2024-08-25 05:49:17 CEST.
Flavor | Version | Tinstall | Tcheck | Ttotal | Status | Flags |
---|---|---|---|---|---|---|
r-devel-linux-x86_64-debian-clang | 0.9.5 | 36.37 | 25.12 | 61.49 | NOTE | |
r-devel-linux-x86_64-debian-gcc | 0.9.5 | 26.64 | 19.63 | 46.27 | NOTE | |
r-devel-linux-x86_64-fedora-clang | 0.9.5 | 124.31 | OK | |||
r-devel-linux-x86_64-fedora-gcc | 0.9.5 | 124.25 | OK | |||
r-devel-windows-x86_64 | 0.9.5 | 41.00 | 64.00 | 105.00 | NOTE | |
r-patched-linux-x86_64 | 0.9.5 | 38.77 | 23.89 | 62.66 | OK | |
r-release-linux-x86_64 | 0.9.5 | 36.57 | 24.00 | 60.57 | OK | |
r-release-macos-arm64 | 0.9.5 | 33.00 | OK | |||
r-release-macos-x86_64 | 0.9.5 | 39.00 | OK | |||
r-release-windows-x86_64 | 0.9.5 | 42.00 | 61.00 | 103.00 | OK | |
r-oldrel-macos-arm64 | 0.9.5 | 42.00 | OK | |||
r-oldrel-macos-x86_64 | 0.9.5 | 67.00 | OK | |||
r-oldrel-windows-x86_64 | 0.9.5 | 40.00 | 74.00 | 114.00 | OK |
Version: 0.9.5
Check: Rd cross-references
Result: NOTE
Found the following Rd file(s) with Rd \link{} targets missing package
anchors:
CoreCollection.Rd: R6Class
dot-CoreCollectionClass.Rd: R6Class
Please provide package anchors for all Rd \link{} targets not in the
package itself and the base packages.
Flavors: r-devel-linux-x86_64-debian-clang, r-devel-linux-x86_64-debian-gcc, r-devel-windows-x86_64