Last updated on 2024-08-25 05:49:17 CEST.
Flavor | Version | Tinstall | Tcheck | Ttotal | Status | Flags |
---|---|---|---|---|---|---|
r-devel-linux-x86_64-debian-clang | 0.6 | 3.42 | 36.75 | 40.17 | OK | |
r-devel-linux-x86_64-debian-gcc | 0.6 | 2.49 | 27.87 | 30.36 | OK | |
r-devel-linux-x86_64-fedora-clang | 0.6 | 64.78 | NOTE | |||
r-devel-linux-x86_64-fedora-gcc | 0.6 | 62.89 | NOTE | |||
r-devel-windows-x86_64 | 0.6 | 4.00 | 69.00 | 73.00 | OK | |
r-patched-linux-x86_64 | 0.6 | 4.45 | 35.61 | 40.06 | OK | |
r-release-linux-x86_64 | 0.6 | 3.27 | 35.33 | 38.60 | OK | |
r-release-macos-arm64 | 0.6 | 25.00 | OK | |||
r-release-macos-x86_64 | 0.6 | 48.00 | OK | |||
r-release-windows-x86_64 | 0.6 | 5.00 | 69.00 | 74.00 | OK | |
r-oldrel-macos-arm64 | 0.6 | 29.00 | OK | |||
r-oldrel-macos-x86_64 | 0.6 | 54.00 | OK | |||
r-oldrel-windows-x86_64 | 0.6 | 7.00 | 71.00 | 78.00 | OK |
Version: 0.6
Check: data for non-ASCII characters
Result: NOTE
Note: found 1187 marked UTF-8 strings
Flavors: r-devel-linux-x86_64-fedora-clang, r-devel-linux-x86_64-fedora-gcc