Last updated on 2025-10-25 05:49:58 CEST.
| Flavor | Version | Tinstall | Tcheck | Ttotal | Status | Flags |
|---|---|---|---|---|---|---|
| r-devel-linux-x86_64-debian-clang | 0.9.0 | 3.73 | 40.63 | 44.36 | OK | |
| r-devel-linux-x86_64-debian-gcc | 0.9.0 | 2.18 | 31.21 | 33.39 | OK | |
| r-devel-linux-x86_64-fedora-clang | 0.9.0 | 49.24 | NOTE | |||
| r-devel-linux-x86_64-fedora-gcc | 0.9.0 | 58.03 | NOTE | |||
| r-devel-windows-x86_64 | 0.9.0 | 6.00 | 55.00 | 61.00 | OK | |
| r-patched-linux-x86_64 | 0.9.0 | 2.90 | 36.44 | 39.34 | OK | |
| r-release-linux-x86_64 | 0.9.0 | 3.41 | 36.37 | 39.78 | OK | |
| r-release-macos-arm64 | 0.9.0 | 2.00 | 21.00 | 23.00 | OK | |
| r-release-macos-x86_64 | 0.9.0 | 3.00 | 36.00 | 39.00 | OK | |
| r-release-windows-x86_64 | 0.9.0 | 7.00 | 58.00 | 65.00 | OK | |
| r-oldrel-macos-arm64 | 0.9.0 | 2.00 | 22.00 | 24.00 | OK | |
| r-oldrel-macos-x86_64 | 0.9.0 | 3.00 | 39.00 | 42.00 | OK | |
| r-oldrel-windows-x86_64 | 0.9.0 | 8.00 | 68.00 | 76.00 | OK |
Version: 0.9.0
Check: dependencies in R code
Result: NOTE
Namespaces in Imports field not imported from:
‘RColorBrewer’ ‘ggplot2’ ‘re2’ ‘rmarkdown’ ‘shinyWidgets’
‘shinydashboard’ ‘shinyjs’
All declared Imports should be used.
Flavors: r-devel-linux-x86_64-fedora-clang, r-devel-linux-x86_64-fedora-gcc