Last updated on 2025-11-16 04:48:30 CET.
| Flavor | Version | Tinstall | Tcheck | Ttotal | Status | Flags |
|---|---|---|---|---|---|---|
| r-devel-linux-x86_64-debian-clang | 1.14 | 2.16 | 69.82 | 71.98 | OK | |
| r-devel-linux-x86_64-debian-gcc | 1.14 | 1.55 | 50.83 | 52.38 | NOTE | |
| r-devel-linux-x86_64-fedora-clang | 1.14 | 110.96 | OK | |||
| r-devel-linux-x86_64-fedora-gcc | 1.14 | 127.63 | OK | |||
| r-devel-windows-x86_64 | 1.14 | 4.00 | 82.00 | 86.00 | OK | |
| r-patched-linux-x86_64 | 1.14 | 2.17 | 68.29 | 70.46 | OK | |
| r-release-linux-x86_64 | 1.14 | 1.92 | 67.32 | 69.24 | OK | |
| r-release-macos-arm64 | 1.14 | 1.00 | 47.00 | 48.00 | OK | |
| r-release-macos-x86_64 | 1.14 | 2.00 | 98.00 | 100.00 | OK | |
| r-release-windows-x86_64 | 1.14 | 4.00 | 78.00 | 82.00 | OK | |
| r-oldrel-macos-arm64 | 1.14 | 1.00 | 53.00 | 54.00 | OK | |
| r-oldrel-macos-x86_64 | 1.14 | 2.00 | 65.00 | 67.00 | OK | |
| r-oldrel-windows-x86_64 | 1.14 | 5.00 | 97.00 | 102.00 | OK |
Version: 1.14
Check: CRAN incoming feasibility
Result: NOTE
Maintainer: ‘Kevin Wright <kw.stat@gmail.com>’
The BugReports field in DESCRIPTION has
https://github.com/kwstat/corrgram/issues/
which should likely be
https://github.com/kwstat/corrgram/issues/issues
instead.
Flavor: r-devel-linux-x86_64-debian-gcc