Last updated on 2025-10-25 05:49:58 CEST.
| Flavor | Version | Tinstall | Tcheck | Ttotal | Status | Flags |
|---|---|---|---|---|---|---|
| r-devel-linux-x86_64-debian-clang | 1.0.1 | 24.59 | 174.26 | 198.85 | WARN | |
| r-devel-linux-x86_64-debian-gcc | 1.0.1 | 17.28 | 130.62 | 147.90 | WARN | |
| r-devel-linux-x86_64-fedora-clang | 1.0.1 | 32.00 | 158.45 | 190.45 | NOTE | |
| r-devel-linux-x86_64-fedora-gcc | 1.0.1 | 69.00 | 165.00 | 234.00 | NOTE | |
| r-devel-windows-x86_64 | 1.0.1 | 33.00 | 115.00 | 148.00 | NOTE | |
| r-patched-linux-x86_64 | 1.0.1 | 27.11 | 158.88 | 185.99 | NOTE | |
| r-release-linux-x86_64 | 1.0.1 | 26.51 | 151.38 | 177.89 | NOTE | |
| r-release-macos-arm64 | 1.0.1 | 11.00 | 45.00 | 56.00 | NOTE | |
| r-release-macos-x86_64 | 1.0.1 | 15.00 | 72.00 | 87.00 | NOTE | |
| r-release-windows-x86_64 | 1.0.1 | 34.00 | 119.00 | 153.00 | NOTE | |
| r-oldrel-macos-arm64 | 1.0.1 | 11.00 | 44.00 | 55.00 | NOTE | |
| r-oldrel-macos-x86_64 | 1.0.1 | 15.00 | 63.00 | 78.00 | NOTE | |
| r-oldrel-windows-x86_64 | 1.0.1 | 38.00 | 150.00 | 188.00 | NOTE |
Version: 1.0.1
Check: whether package can be installed
Result: WARN
Found the following significant warnings:
/home/hornik/tmp/R.check/r-devel-clang/Work/build/Packages/RcppArmadillo/include/RcppArmadillo/version/arma.h:66:17: warning: Using fallback compilation with Armadillo 14.6.3. Please consider defining -DARMA_USE_CURRENT and also removing C++11 compilation directive. See GitHub issue #475 for more. [-W#pragma-messages]
See ‘/home/hornik/tmp/R.check/r-devel-clang/Work/PKGS/covdepGE.Rcheck/00install.out’ for details.
* used C++ compiler: ‘Debian clang version 19.1.7 (7)’
Flavor: r-devel-linux-x86_64-debian-clang
Version: 1.0.1
Check: C++ specification
Result: NOTE
Specified C++11: please drop specification unless essential
Flavors: r-devel-linux-x86_64-debian-clang, r-devel-linux-x86_64-debian-gcc, r-devel-linux-x86_64-fedora-clang, r-devel-linux-x86_64-fedora-gcc, r-devel-windows-x86_64, r-patched-linux-x86_64, r-release-linux-x86_64, r-release-macos-arm64, r-release-macos-x86_64, r-release-windows-x86_64, r-oldrel-macos-arm64, r-oldrel-macos-x86_64, r-oldrel-windows-x86_64
Version: 1.0.1
Check: whether package can be installed
Result: WARN
Found the following significant warnings:
/home/hornik/tmp/R.check/r-devel-gcc/Work/build/Packages/RcppArmadillo/include/RcppArmadillo/version/arma.h:66:199: note: ‘#pragma message: Using fallback compilation with Armadillo 14.6.3. Please consider defining -DARMA_USE_CURRENT and also removing C++11 compilation directive. See GitHub issue #475 for more.’
See ‘/home/hornik/tmp/R.check/r-devel-gcc/Work/PKGS/covdepGE.Rcheck/00install.out’ for details.
* used C++ compiler: ‘g++-15 (Debian 15.2.0-4) 15.2.0’
Flavor: r-devel-linux-x86_64-debian-gcc