CRAN Package Check Results for Package credsubs

Last updated on 2025-10-26 04:48:30 CET.

Flavor Version Tinstall Tcheck Ttotal Status Flags
r-devel-linux-x86_64-debian-clang 1.1.1 2.30 27.86 30.16 NOTE
r-devel-linux-x86_64-debian-gcc 1.1.1 1.69 21.70 23.39 NOTE
r-devel-linux-x86_64-fedora-clang 1.1.1 36.30 OK
r-devel-linux-x86_64-fedora-gcc 1.1.1 55.05 OK
r-devel-windows-x86_64 1.1.1 3.00 46.00 49.00 OK
r-patched-linux-x86_64 1.1.1 2.47 26.14 28.61 OK
r-release-linux-x86_64 1.1.1 2.17 26.08 28.25 OK
r-release-macos-arm64 1.1.1 1.00 23.00 24.00 OK
r-release-macos-x86_64 1.1.1 2.00 43.00 45.00 OK
r-release-windows-x86_64 1.1.1 4.00 49.00 53.00 OK
r-oldrel-macos-arm64 1.1.1 1.00 20.00 21.00 OK
r-oldrel-macos-x86_64 1.1.1 2.00 32.00 34.00 OK
r-oldrel-windows-x86_64 1.1.1 6.00 54.00 60.00 OK

Check Details

Version: 1.1.1
Check: CRAN incoming feasibility
Result: NOTE Maintainer: ‘Patrick Schnell <schnell.31@osu.edu>’ No Authors@R field in DESCRIPTION. Please add one, modifying Authors@R: c(person(given = "Patrick", family = "Schnell", role = c("aut", "cre"), email = "schnell.31@osu.edu"), person(given = "Brad", family = "Carlin", role = "aut")) as necessary. Flavors: r-devel-linux-x86_64-debian-clang, r-devel-linux-x86_64-debian-gcc